{"id":871,"date":"2020-03-18T11:06:44","date_gmt":"2020-03-18T10:06:44","guid":{"rendered":"https:\/\/primere.pl\/?post_type=property&#038;p=871"},"modified":"2020-08-17T11:08:58","modified_gmt":"2020-08-17T09:08:58","slug":"nowy-magazyn","status":"publish","type":"property","link":"https:\/\/primere.pl\/pl\/property\/nowy-magazyn\/","title":{"rendered":"#WYNAJ\u0118TE_NOWY MAGAZYN"},"content":{"rendered":"\n<p>Do wynaj\u0119cia modu\u0142 o powierzchni 544 mkw w hali magazynowej w konstrukcji stalowej, o \u0142\u0105cznej powierzchni 4052 mkw<br>Wysoko\u015b\u0107: 9,71 m (w najwy\u017cszym miejscu 12m)<br>Szeroko\u015b\u0107 ca\u0142ego budynku: 48,56 m<br>Szeroko\u015b\u0107 modu\u0142u: 24 m<br>D\u0142ugo\u015b\u0107 budynku: 83,44 m<br>D\u0142ugo\u015b\u0107 modu\u0142u: 21 m<br><br>Brama wjazdowa, segmentowa z na\u015bwietlem o wymiarach 425 x 400 cm<br><br>Zaplecze socjalne o powierzchni 30 mkw;<br><br>Obiekt przystosowany do potrzeb os\u00f3b niepe\u0142nosprawnych;<br><br>Do dyspozycji najemc\u00f3w dodatkowo p\u0142atny parking (60 miejsc)<br><br>W budynku nie przewiduje si\u0119 sk\u0142adowania i wykorzystywania produkt\u00f3w i urz\u0105dze\u0144 niebezpiecznych po\u017carowo;<br><br>MEDIA:<br>&#8211; woda, kanalizacja miejskie<br>&#8211; ogrzewanie: kot\u0142ownia gazowa + nagrzewnice wodne<br>&#8211; sumaryczna moc przy\u0142\u0105czeniowa dla budynku: 97,6 KW<br><br>Doskona\u0142a lokalizacja, przy Autostradowej Obwodnicy Wroc\u0142awia, w pobli\u017cu lotniska, A4<br><br>Umowa na czas okre\u015blony; Kaucja;<br>Czynsz najmu: 20 z\u0142\/mkw\/m-c + service charge ok 4 z\u0142\/mkw\/m-c+media<br>Kontakt: 696024209<\/p>\n\n\n\n<p><\/p>\n","protected":false},"author":2,"featured_media":872,"comment_status":"open","ping_status":"closed","template":"","format":"standard","meta":[],"property-category":[7],"property_tag":[],"yoast_head":"<!-- This site is optimized with the Yoast SEO plugin v20.11 - https:\/\/yoast.com\/wordpress\/plugins\/seo\/ -->\n<title>#WYNAJ\u0118TE_NOWY MAGAZYN - Primere<\/title>\n<meta name=\"robots\" content=\"index, follow, max-snippet:-1, max-image-preview:large, max-video-preview:-1\" \/>\n<link rel=\"canonical\" href=\"https:\/\/primere.pl\/pl\/property\/nowy-magazyn\/\" \/>\n<meta property=\"og:locale\" content=\"pl_PL\" \/>\n<meta property=\"og:type\" content=\"article\" \/>\n<meta property=\"og:title\" content=\"#WYNAJ\u0118TE_NOWY MAGAZYN - Primere\" \/>\n<meta property=\"og:description\" content=\"Do wynaj\u0119cia modu\u0142 o powierzchni 544 mkw w hali magazynowej w konstrukcji stalowej, o \u0142\u0105cznej powierzchni 4052 mkwWysoko\u015b\u0107: 9,71 m (w najwy\u017cszym miejscu 12m)Szeroko\u015b\u0107 ca\u0142ego budynku: 48,56 mSzeroko\u015b\u0107 modu\u0142u: 24 mD\u0142ugo\u015b\u0107 budynku: 83,44 mD\u0142ugo\u015b\u0107 modu\u0142u: 21 m Brama wjazdowa, segmentowa z na\u015bwietlem o wymiarach 425 x 400 cm Zaplecze socjalne o powierzchni 30 mkw; Obiekt [&hellip;]\" \/>\n<meta property=\"og:url\" content=\"https:\/\/primere.pl\/pl\/property\/nowy-magazyn\/\" \/>\n<meta property=\"og:site_name\" content=\"Primere\" \/>\n<meta property=\"article:modified_time\" content=\"2020-08-17T09:08:58+00:00\" \/>\n<meta property=\"og:image\" content=\"https:\/\/primere.pl\/wp-content\/uploads\/2020\/03\/IMG_8283.jpg\" \/>\n\t<meta property=\"og:image:width\" content=\"640\" \/>\n\t<meta property=\"og:image:height\" content=\"480\" \/>\n\t<meta property=\"og:image:type\" content=\"image\/jpeg\" \/>\n<meta name=\"twitter:card\" content=\"summary_large_image\" \/>\n<meta name=\"twitter:label1\" content=\"Szacowany czas czytania\" \/>\n\t<meta name=\"twitter:data1\" content=\"1 minuta\" \/>\n<script type=\"application\/ld+json\" class=\"yoast-schema-graph\">{\"@context\":\"https:\/\/schema.org\",\"@graph\":[{\"@type\":\"WebPage\",\"@id\":\"https:\/\/primere.pl\/pl\/property\/nowy-magazyn\/\",\"url\":\"https:\/\/primere.pl\/pl\/property\/nowy-magazyn\/\",\"name\":\"#WYNAJ\u0118TE_NOWY MAGAZYN - Primere\",\"isPartOf\":{\"@id\":\"https:\/\/primere.pl\/pl\/#website\"},\"datePublished\":\"2020-03-18T10:06:44+00:00\",\"dateModified\":\"2020-08-17T09:08:58+00:00\",\"breadcrumb\":{\"@id\":\"https:\/\/primere.pl\/pl\/property\/nowy-magazyn\/#breadcrumb\"},\"inLanguage\":\"pl-PL\",\"potentialAction\":[{\"@type\":\"ReadAction\",\"target\":[\"https:\/\/primere.pl\/pl\/property\/nowy-magazyn\/\"]}]},{\"@type\":\"BreadcrumbList\",\"@id\":\"https:\/\/primere.pl\/pl\/property\/nowy-magazyn\/#breadcrumb\",\"itemListElement\":[{\"@type\":\"ListItem\",\"position\":1,\"name\":\"Strona g\u0142\u00f3wna\",\"item\":\"https:\/\/primere.pl\/pl\/\"},{\"@type\":\"ListItem\",\"position\":2,\"name\":\"Property\",\"item\":\"https:\/\/primere.pl\/pl\/property\/\"},{\"@type\":\"ListItem\",\"position\":3,\"name\":\"#WYNAJ\u0118TE_NOWY MAGAZYN\"}]},{\"@type\":\"WebSite\",\"@id\":\"https:\/\/primere.pl\/pl\/#website\",\"url\":\"https:\/\/primere.pl\/pl\/\",\"name\":\"Primere\",\"description\":\"Real Estate Advisors\",\"potentialAction\":[{\"@type\":\"SearchAction\",\"target\":{\"@type\":\"EntryPoint\",\"urlTemplate\":\"https:\/\/primere.pl\/pl\/?s={search_term_string}\"},\"query-input\":\"required name=search_term_string\"}],\"inLanguage\":\"pl-PL\"}]}<\/script>\n<!-- \/ Yoast SEO plugin. -->","yoast_head_json":{"title":"#WYNAJ\u0118TE_NOWY MAGAZYN - Primere","robots":{"index":"index","follow":"follow","max-snippet":"max-snippet:-1","max-image-preview":"max-image-preview:large","max-video-preview":"max-video-preview:-1"},"canonical":"https:\/\/primere.pl\/pl\/property\/nowy-magazyn\/","og_locale":"pl_PL","og_type":"article","og_title":"#WYNAJ\u0118TE_NOWY MAGAZYN - Primere","og_description":"Do wynaj\u0119cia modu\u0142 o powierzchni 544 mkw w hali magazynowej w konstrukcji stalowej, o \u0142\u0105cznej powierzchni 4052 mkwWysoko\u015b\u0107: 9,71 m (w najwy\u017cszym miejscu 12m)Szeroko\u015b\u0107 ca\u0142ego budynku: 48,56 mSzeroko\u015b\u0107 modu\u0142u: 24 mD\u0142ugo\u015b\u0107 budynku: 83,44 mD\u0142ugo\u015b\u0107 modu\u0142u: 21 m Brama wjazdowa, segmentowa z na\u015bwietlem o wymiarach 425 x 400 cm Zaplecze socjalne o powierzchni 30 mkw; Obiekt [&hellip;]","og_url":"https:\/\/primere.pl\/pl\/property\/nowy-magazyn\/","og_site_name":"Primere","article_modified_time":"2020-08-17T09:08:58+00:00","og_image":[{"width":640,"height":480,"url":"https:\/\/primere.pl\/wp-content\/uploads\/2020\/03\/IMG_8283.jpg","type":"image\/jpeg"}],"twitter_card":"summary_large_image","twitter_misc":{"Szacowany czas czytania":"1 minuta"},"schema":{"@context":"https:\/\/schema.org","@graph":[{"@type":"WebPage","@id":"https:\/\/primere.pl\/pl\/property\/nowy-magazyn\/","url":"https:\/\/primere.pl\/pl\/property\/nowy-magazyn\/","name":"#WYNAJ\u0118TE_NOWY MAGAZYN - Primere","isPartOf":{"@id":"https:\/\/primere.pl\/pl\/#website"},"datePublished":"2020-03-18T10:06:44+00:00","dateModified":"2020-08-17T09:08:58+00:00","breadcrumb":{"@id":"https:\/\/primere.pl\/pl\/property\/nowy-magazyn\/#breadcrumb"},"inLanguage":"pl-PL","potentialAction":[{"@type":"ReadAction","target":["https:\/\/primere.pl\/pl\/property\/nowy-magazyn\/"]}]},{"@type":"BreadcrumbList","@id":"https:\/\/primere.pl\/pl\/property\/nowy-magazyn\/#breadcrumb","itemListElement":[{"@type":"ListItem","position":1,"name":"Strona g\u0142\u00f3wna","item":"https:\/\/primere.pl\/pl\/"},{"@type":"ListItem","position":2,"name":"Property","item":"https:\/\/primere.pl\/pl\/property\/"},{"@type":"ListItem","position":3,"name":"#WYNAJ\u0118TE_NOWY MAGAZYN"}]},{"@type":"WebSite","@id":"https:\/\/primere.pl\/pl\/#website","url":"https:\/\/primere.pl\/pl\/","name":"Primere","description":"Real Estate Advisors","potentialAction":[{"@type":"SearchAction","target":{"@type":"EntryPoint","urlTemplate":"https:\/\/primere.pl\/pl\/?s={search_term_string}"},"query-input":"required name=search_term_string"}],"inLanguage":"pl-PL"}]}},"_links":{"self":[{"href":"https:\/\/primere.pl\/pl\/wp-json\/wp\/v2\/property\/871"}],"collection":[{"href":"https:\/\/primere.pl\/pl\/wp-json\/wp\/v2\/property"}],"about":[{"href":"https:\/\/primere.pl\/pl\/wp-json\/wp\/v2\/types\/property"}],"author":[{"embeddable":true,"href":"https:\/\/primere.pl\/pl\/wp-json\/wp\/v2\/users\/2"}],"replies":[{"embeddable":true,"href":"https:\/\/primere.pl\/pl\/wp-json\/wp\/v2\/comments?post=871"}],"version-history":[{"count":2,"href":"https:\/\/primere.pl\/pl\/wp-json\/wp\/v2\/property\/871\/revisions"}],"predecessor-version":[{"id":2075,"href":"https:\/\/primere.pl\/pl\/wp-json\/wp\/v2\/property\/871\/revisions\/2075"}],"wp:featuredmedia":[{"embeddable":true,"href":"https:\/\/primere.pl\/pl\/wp-json\/wp\/v2\/media\/872"}],"wp:attachment":[{"href":"https:\/\/primere.pl\/pl\/wp-json\/wp\/v2\/media?parent=871"}],"wp:term":[{"taxonomy":"property-category","embeddable":true,"href":"https:\/\/primere.pl\/pl\/wp-json\/wp\/v2\/property-category?post=871"},{"taxonomy":"property_tag","embeddable":true,"href":"https:\/\/primere.pl\/pl\/wp-json\/wp\/v2\/property_tag?post=871"}],"curies":[{"name":"wp","href":"https:\/\/api.w.org\/{rel}","templated":true}]}}

#WYNAJĘTE_NOWY MAGAZYN

<p>Do wynajęcia moduł o powierzchni 544 mkw w hali magazynowej w konstrukcji stalowej, o łącznej powierzchni 4052 mkw<br>Wysokość: 9,71 m (w najwyższym miejscu 12m)<br>Szerokość całego budynku: 48,56 m<br>Szerokość modułu: 24 m<br>Długość budynku: 83,44 m<br>Długość modułu: 21 m<br><br>Brama wjazdowa, segmentowa z naświetlem o wymiarach 425 x 400 cm<br><br>Zaplecze socjalne o powierzchni 30 mkw;<br><br>Obiekt przystosowany do potrzeb osób niepełnosprawnych;<br><br>Do dyspozycji najemców dodatkowo płatny parking (60 miejsc)<br><br>W budynku nie przewiduje się składowania i wykorzystywania produktów i urządzeń niebezpiecznych pożarowo;<br><br>MEDIA:<br>&#8211; woda, kanalizacja miejskie<br>&#8211; ogrzewanie: kotłownia gazowa + nagrzewnice wodne<br>&#8211; sumaryczna moc przyłączeniowa dla budynku: 97,6 KW<br><br>Doskonała lokalizacja, przy Autostradowej Obwodnicy Wrocławia, w pobliżu lotniska, A4<br><br>Umowa na czas określony; Kaucja;<br>Czynsz najmu: 20 zł/mkw/m-c + service charge ok 4 zł/mkw/m-c+media<br>Kontakt: 696024209</p>



<p></p>

<!-- This site is optimized with the Yoast SEO plugin v20.11 - https://yoast.com/wordpress/plugins/seo/ -->
<title>#WYNAJĘTE_NOWY MAGAZYN - Primere</title>
<meta name="robots" content="index, follow, max-snippet:-1, max-image-preview:large, max-video-preview:-1" />
<link rel="canonical" href="https://primere.pl/pl/property/nowy-magazyn/" />
<meta property="og:locale" content="pl_PL" />
<meta property="og:type" content="article" />
<meta property="og:title" content="#WYNAJĘTE_NOWY MAGAZYN - Primere" />
<meta property="og:description" content="Do wynajęcia moduł o powierzchni 544 mkw w hali magazynowej w konstrukcji stalowej, o łącznej powierzchni 4052 mkwWysokość: 9,71 m (w najwyższym miejscu 12m)Szerokość całego budynku: 48,56 mSzerokość modułu: 24 mDługość budynku: 83,44 mDługość modułu: 21 m Brama wjazdowa, segmentowa z naświetlem o wymiarach 425 x 400 cm Zaplecze socjalne o powierzchni 30 mkw; Obiekt [&hellip;]" />
<meta property="og:url" content="https://primere.pl/pl/property/nowy-magazyn/" />
<meta property="og:site_name" content="Primere" />
<meta property="article:modified_time" content="2020-08-17T09:08:58+00:00" />
<meta property="og:image" content="https://primere.pl/wp-content/uploads/2020/03/IMG_8283.jpg" />
	<meta property="og:image:width" content="640" />
	<meta property="og:image:height" content="480" />
	<meta property="og:image:type" content="image/jpeg" />
<meta name="twitter:card" content="summary_large_image" />
<meta name="twitter:label1" content="Szacowany czas czytania" />
	<meta name="twitter:data1" content="1 minuta" />
<script type="application/ld+json" class="yoast-schema-graph">{"@context":"https://schema.org","@graph":[{"@type":"WebPage","@id":"https://primere.pl/pl/property/nowy-magazyn/","url":"https://primere.pl/pl/property/nowy-magazyn/","name":"#WYNAJĘTE_NOWY MAGAZYN - Primere","isPartOf":{"@id":"https://primere.pl/pl/#website"},"datePublished":"2020-03-18T10:06:44+00:00","dateModified":"2020-08-17T09:08:58+00:00","breadcrumb":{"@id":"https://primere.pl/pl/property/nowy-magazyn/#breadcrumb"},"inLanguage":"pl-PL","potentialAction":[{"@type":"ReadAction","target":["https://primere.pl/pl/property/nowy-magazyn/"]}]},{"@type":"BreadcrumbList","@id":"https://primere.pl/pl/property/nowy-magazyn/#breadcrumb","itemListElement":[{"@type":"ListItem","position":1,"name":"Strona główna","item":"https://primere.pl/pl/"},{"@type":"ListItem","position":2,"name":"Property","item":"https://primere.pl/pl/property/"},{"@type":"ListItem","position":3,"name":"#WYNAJĘTE_NOWY MAGAZYN"}]},{"@type":"WebSite","@id":"https://primere.pl/pl/#website","url":"https://primere.pl/pl/","name":"Primere","description":"Real Estate Advisors","potentialAction":[{"@type":"SearchAction","target":{"@type":"EntryPoint","urlTemplate":"https://primere.pl/pl/?s={search_term_string}"},"query-input":"required name=search_term_string"}],"inLanguage":"pl-PL"}]}</script>
<!-- / Yoast SEO plugin. -->

#WYNAJĘTE_NOWY MAGAZYN - Primere

Do wynajęcia moduł o powierzchni 544 mkw w hali magazynowej w konstrukcji stalowej, o łącznej powierzchni 4052 mkwWysokość: 9,71 m (w najwyższym miejscu 12m)Szerokość całego budynku: 48,56 mSzerokość modułu: 24 mDługość budynku: 83,44 mDługość modułu: 21 m Brama wjazdowa, segmentowa z naświetlem o wymiarach 425 x 400 cm Zaplecze socjalne o powierzchni 30 mkw; Obiekt [&hellip;]

Strona główna
