{"id":3796,"date":"2023-05-30T17:14:10","date_gmt":"2023-05-30T15:14:10","guid":{"rendered":"https:\/\/primere.pl\/?post_type=property&#038;p=3796"},"modified":"2023-05-31T14:35:47","modified_gmt":"2023-05-31T12:35:47","slug":"lokal-w-zabytkowej-kamienicy","status":"publish","type":"property","link":"https:\/\/primere.pl\/pl\/property\/lokal-w-zabytkowej-kamienicy\/","title":{"rendered":"Lokal w zabytkowej kamienicy"},"content":{"rendered":"\n<p>Do wynaj\u0119cia lokal us\u0142ugowo-handlowy w pi\u0119knej, odrestaurowanej, historycznej kamienicy na Przedmie\u015bciu O\u0142awskim przy ulicy Mierniczej 4 we Wroc\u0142awiu.<\/p>\n\n\n\n<p>Lokal w przyziemiu, z&nbsp;wej\u015bciem od strony ulicy, o \u0142\u0105cznej powierzchni <strong>54 mkw,<\/strong> sk\u0142adaj\u0105cy si\u0119 z&nbsp;<strong>trzech pomieszcze\u0144<\/strong> do\u015bwietlonych \u015bwiat\u0142em dziennym, w tym dw\u00f3ch po\u0142\u0105czonych sal sprzeda\u017cy o powierzchniach 19,87 mkw i 9,69 mkw,&nbsp; zaplecza biurowego o powierzchni 12,27 mkw oraz ciemnych pomieszcze\u0144 socjalnych i magazynowych ;<\/p>\n\n\n\n<p>Lokal w stanie deweloperskim do <strong>indywidualnej aran\u017cacji zgodnie z&nbsp;potrzebami Najemcy.<\/strong><\/p>\n\n\n\n<p>Lokal po remoncie generalnym, nowe instalacje wod-kan, wentylacja, elektryka.<\/p>\n\n\n\n<p>Istnieje mo\u017cliwo\u015b\u0107 wynaj\u0119cia dodatkowo s\u0105siedniego lokalu o powierzchni 54 mkw.<\/p>\n\n\n\n<p>Kamienica, w kt\u00f3rej znajduj\u0105 si\u0119 lokale, aktualnie przechodzi remont generalny. Docelowo, w okresie wakacyjnym powstan\u0105 tam mieszkania na wynajem, by\u0107 mo\u017ce cz\u0119\u015bciowo przeznaczone dla student\u00f3w lub najem kr\u00f3tkoterminowy, zatem wszelkie dzia\u0142alno\u015bci obs\u0142uguj\u0105ce student\u00f3w, turyst\u00f3w i m\u0142ode pracuj\u0105ce osoby dobrze wpisa\u0142yby si\u0119 w profil budynku.<\/p>\n\n\n\n<p>Miernicza jest historyczn\u0105 wroc\u0142awsk\u0105 ulic\u0105, szeroko opisywan\u0105 mi\u0119dzy innymi przez Joann\u0119 Mielewczyk w ksi\u0105\u017cce \u201eKamienice\u201c. Ze wzgl\u0119du na fakt, \u017ce w ca\u0142o\u015bci zachowa\u0142a si\u0119 tu przedwojenna zabudowa, Miernicza by\u0142a te\u017c &nbsp;planem filmowym mi\u0119dzy innymi dla \u201eMiasta Szpieg\u00f3w\u201c z&nbsp;Tomem Hanksem czy filmu Patryka Vegi<\/p>\n\n\n\n<p>Unikatow\u0105 cech\u0105 lokali s\u0105 zachowane i odrestaurowane oryginalne niemieckie napisy na elewacji nad oknami &nbsp;lokalu, kt\u00f3re mog\u0105 sta\u0107 si\u0119&nbsp; pi\u0119kn\u0105 wizyt\u00f3wk\u0105 prowadzonej tam dzia\u0142alno\u015bci.<\/p>\n\n\n\n<p>Powierzchnia: 54 mkw<\/p>\n\n\n\n<p>Czynsz najmu: &nbsp;42 z\u0142\/mkw\/m-\u0105c<\/p>\n\n\n\n<p>Service charge: 12 z\u0142\/mkw\/m-\u0105c<\/p>\n\n\n\n<p>+ media p\u0142atne wed\u0142ug zu\u017cycia na podstawie podlicznik\u00f3w.<\/p>\n\n\n\n<p>Ogrzewanie, woda i \u015bcieki z sieci miejskiej.<\/p>\n\n\n\n<p>Kontakt: 696 02 42 09<\/p>\n","protected":false},"author":2,"featured_media":3833,"comment_status":"closed","ping_status":"closed","template":"","format":"standard","meta":[],"property-category":[26],"property_tag":[],"yoast_head":"<!-- This site is optimized with the Yoast SEO plugin v20.11 - https:\/\/yoast.com\/wordpress\/plugins\/seo\/ -->\n<title>Lokal w zabytkowej kamienicy - Primere<\/title>\n<meta name=\"robots\" content=\"index, follow, max-snippet:-1, max-image-preview:large, max-video-preview:-1\" \/>\n<link rel=\"canonical\" href=\"https:\/\/primere.pl\/pl\/property\/lokal-w-zabytkowej-kamienicy\/\" \/>\n<meta property=\"og:locale\" content=\"pl_PL\" \/>\n<meta property=\"og:type\" content=\"article\" \/>\n<meta property=\"og:title\" content=\"Lokal w zabytkowej kamienicy - Primere\" \/>\n<meta property=\"og:description\" content=\"Do wynaj\u0119cia lokal us\u0142ugowo-handlowy w pi\u0119knej, odrestaurowanej, historycznej kamienicy na Przedmie\u015bciu O\u0142awskim przy ulicy Mierniczej 4 we Wroc\u0142awiu. Lokal w przyziemiu, z&nbsp;wej\u015bciem od strony ulicy, o \u0142\u0105cznej powierzchni 54 mkw, sk\u0142adaj\u0105cy si\u0119 z&nbsp;trzech pomieszcze\u0144 do\u015bwietlonych \u015bwiat\u0142em dziennym, w tym dw\u00f3ch po\u0142\u0105czonych sal sprzeda\u017cy o powierzchniach 19,87 mkw i 9,69 mkw,&nbsp; zaplecza biurowego o powierzchni 12,27 [&hellip;]\" \/>\n<meta property=\"og:url\" content=\"https:\/\/primere.pl\/pl\/property\/lokal-w-zabytkowej-kamienicy\/\" \/>\n<meta property=\"og:site_name\" content=\"Primere\" \/>\n<meta property=\"article:modified_time\" content=\"2023-05-31T12:35:47+00:00\" \/>\n<meta property=\"og:image\" content=\"https:\/\/primere.pl\/primere_pliki\/uploads\/2023\/05\/IMG_6405-rotated.jpg\" \/>\n\t<meta property=\"og:image:width\" content=\"480\" \/>\n\t<meta property=\"og:image:height\" content=\"640\" \/>\n\t<meta property=\"og:image:type\" content=\"image\/jpeg\" \/>\n<meta name=\"twitter:card\" content=\"summary_large_image\" \/>\n<meta name=\"twitter:label1\" content=\"Szacowany czas czytania\" \/>\n\t<meta name=\"twitter:data1\" content=\"2 minuty\" \/>\n<script type=\"application\/ld+json\" class=\"yoast-schema-graph\">{\"@context\":\"https:\/\/schema.org\",\"@graph\":[{\"@type\":\"WebPage\",\"@id\":\"https:\/\/primere.pl\/pl\/property\/lokal-w-zabytkowej-kamienicy\/\",\"url\":\"https:\/\/primere.pl\/pl\/property\/lokal-w-zabytkowej-kamienicy\/\",\"name\":\"Lokal w zabytkowej kamienicy - Primere\",\"isPartOf\":{\"@id\":\"https:\/\/primere.pl\/pl\/#website\"},\"datePublished\":\"2023-05-30T15:14:10+00:00\",\"dateModified\":\"2023-05-31T12:35:47+00:00\",\"breadcrumb\":{\"@id\":\"https:\/\/primere.pl\/pl\/property\/lokal-w-zabytkowej-kamienicy\/#breadcrumb\"},\"inLanguage\":\"pl-PL\",\"potentialAction\":[{\"@type\":\"ReadAction\",\"target\":[\"https:\/\/primere.pl\/pl\/property\/lokal-w-zabytkowej-kamienicy\/\"]}]},{\"@type\":\"BreadcrumbList\",\"@id\":\"https:\/\/primere.pl\/pl\/property\/lokal-w-zabytkowej-kamienicy\/#breadcrumb\",\"itemListElement\":[{\"@type\":\"ListItem\",\"position\":1,\"name\":\"Strona g\u0142\u00f3wna\",\"item\":\"https:\/\/primere.pl\/pl\/\"},{\"@type\":\"ListItem\",\"position\":2,\"name\":\"Property\",\"item\":\"https:\/\/primere.pl\/pl\/property\/\"},{\"@type\":\"ListItem\",\"position\":3,\"name\":\"Lokal w zabytkowej kamienicy\"}]},{\"@type\":\"WebSite\",\"@id\":\"https:\/\/primere.pl\/pl\/#website\",\"url\":\"https:\/\/primere.pl\/pl\/\",\"name\":\"Primere\",\"description\":\"Real Estate Advisors\",\"potentialAction\":[{\"@type\":\"SearchAction\",\"target\":{\"@type\":\"EntryPoint\",\"urlTemplate\":\"https:\/\/primere.pl\/pl\/?s={search_term_string}\"},\"query-input\":\"required name=search_term_string\"}],\"inLanguage\":\"pl-PL\"}]}<\/script>\n<!-- \/ Yoast SEO plugin. -->","yoast_head_json":{"title":"Lokal w zabytkowej kamienicy - Primere","robots":{"index":"index","follow":"follow","max-snippet":"max-snippet:-1","max-image-preview":"max-image-preview:large","max-video-preview":"max-video-preview:-1"},"canonical":"https:\/\/primere.pl\/pl\/property\/lokal-w-zabytkowej-kamienicy\/","og_locale":"pl_PL","og_type":"article","og_title":"Lokal w zabytkowej kamienicy - Primere","og_description":"Do wynaj\u0119cia lokal us\u0142ugowo-handlowy w pi\u0119knej, odrestaurowanej, historycznej kamienicy na Przedmie\u015bciu O\u0142awskim przy ulicy Mierniczej 4 we Wroc\u0142awiu. Lokal w przyziemiu, z&nbsp;wej\u015bciem od strony ulicy, o \u0142\u0105cznej powierzchni 54 mkw, sk\u0142adaj\u0105cy si\u0119 z&nbsp;trzech pomieszcze\u0144 do\u015bwietlonych \u015bwiat\u0142em dziennym, w tym dw\u00f3ch po\u0142\u0105czonych sal sprzeda\u017cy o powierzchniach 19,87 mkw i 9,69 mkw,&nbsp; zaplecza biurowego o powierzchni 12,27 [&hellip;]","og_url":"https:\/\/primere.pl\/pl\/property\/lokal-w-zabytkowej-kamienicy\/","og_site_name":"Primere","article_modified_time":"2023-05-31T12:35:47+00:00","og_image":[{"width":480,"height":640,"url":"https:\/\/primere.pl\/primere_pliki\/uploads\/2023\/05\/IMG_6405-rotated.jpg","type":"image\/jpeg"}],"twitter_card":"summary_large_image","twitter_misc":{"Szacowany czas czytania":"2 minuty"},"schema":{"@context":"https:\/\/schema.org","@graph":[{"@type":"WebPage","@id":"https:\/\/primere.pl\/pl\/property\/lokal-w-zabytkowej-kamienicy\/","url":"https:\/\/primere.pl\/pl\/property\/lokal-w-zabytkowej-kamienicy\/","name":"Lokal w zabytkowej kamienicy - Primere","isPartOf":{"@id":"https:\/\/primere.pl\/pl\/#website"},"datePublished":"2023-05-30T15:14:10+00:00","dateModified":"2023-05-31T12:35:47+00:00","breadcrumb":{"@id":"https:\/\/primere.pl\/pl\/property\/lokal-w-zabytkowej-kamienicy\/#breadcrumb"},"inLanguage":"pl-PL","potentialAction":[{"@type":"ReadAction","target":["https:\/\/primere.pl\/pl\/property\/lokal-w-zabytkowej-kamienicy\/"]}]},{"@type":"BreadcrumbList","@id":"https:\/\/primere.pl\/pl\/property\/lokal-w-zabytkowej-kamienicy\/#breadcrumb","itemListElement":[{"@type":"ListItem","position":1,"name":"Strona g\u0142\u00f3wna","item":"https:\/\/primere.pl\/pl\/"},{"@type":"ListItem","position":2,"name":"Property","item":"https:\/\/primere.pl\/pl\/property\/"},{"@type":"ListItem","position":3,"name":"Lokal w zabytkowej kamienicy"}]},{"@type":"WebSite","@id":"https:\/\/primere.pl\/pl\/#website","url":"https:\/\/primere.pl\/pl\/","name":"Primere","description":"Real Estate Advisors","potentialAction":[{"@type":"SearchAction","target":{"@type":"EntryPoint","urlTemplate":"https:\/\/primere.pl\/pl\/?s={search_term_string}"},"query-input":"required name=search_term_string"}],"inLanguage":"pl-PL"}]}},"_links":{"self":[{"href":"https:\/\/primere.pl\/pl\/wp-json\/wp\/v2\/property\/3796"}],"collection":[{"href":"https:\/\/primere.pl\/pl\/wp-json\/wp\/v2\/property"}],"about":[{"href":"https:\/\/primere.pl\/pl\/wp-json\/wp\/v2\/types\/property"}],"author":[{"embeddable":true,"href":"https:\/\/primere.pl\/pl\/wp-json\/wp\/v2\/users\/2"}],"replies":[{"embeddable":true,"href":"https:\/\/primere.pl\/pl\/wp-json\/wp\/v2\/comments?post=3796"}],"version-history":[{"count":3,"href":"https:\/\/primere.pl\/pl\/wp-json\/wp\/v2\/property\/3796\/revisions"}],"predecessor-version":[{"id":3841,"href":"https:\/\/primere.pl\/pl\/wp-json\/wp\/v2\/property\/3796\/revisions\/3841"}],"wp:featuredmedia":[{"embeddable":true,"href":"https:\/\/primere.pl\/pl\/wp-json\/wp\/v2\/media\/3833"}],"wp:attachment":[{"href":"https:\/\/primere.pl\/pl\/wp-json\/wp\/v2\/media?parent=3796"}],"wp:term":[{"taxonomy":"property-category","embeddable":true,"href":"https:\/\/primere.pl\/pl\/wp-json\/wp\/v2\/property-category?post=3796"},{"taxonomy":"property_tag","embeddable":true,"href":"https:\/\/primere.pl\/pl\/wp-json\/wp\/v2\/property_tag?post=3796"}],"curies":[{"name":"wp","href":"https:\/\/api.w.org\/{rel}","templated":true}]}}

<p>Do wynajęcia lokal usługowo-handlowy w pięknej, odrestaurowanej, historycznej kamienicy na Przedmieściu Oławskim przy ulicy Mierniczej 4 we Wrocławiu.</p>



<p>Lokal w przyziemiu, z&nbsp;wejściem od strony ulicy, o łącznej powierzchni <strong>54 mkw,</strong> składający się z&nbsp;<strong>trzech pomieszczeń</strong> doświetlonych światłem dziennym, w tym dwóch połączonych sal sprzedaży o powierzchniach 19,87 mkw i 9,69 mkw,&nbsp; zaplecza biurowego o powierzchni 12,27 mkw oraz ciemnych pomieszczeń socjalnych i magazynowych ;</p>



<p>Lokal w stanie deweloperskim do <strong>indywidualnej aranżacji zgodnie z&nbsp;potrzebami Najemcy.</strong></p>



<p>Lokal po remoncie generalnym, nowe instalacje wod-kan, wentylacja, elektryka.</p>



<p>Istnieje możliwość wynajęcia dodatkowo sąsiedniego lokalu o powierzchni 54 mkw.</p>



<p>Kamienica, w której znajdują się lokale, aktualnie przechodzi remont generalny. Docelowo, w okresie wakacyjnym powstaną tam mieszkania na wynajem, być może częściowo przeznaczone dla studentów lub najem krótkoterminowy, zatem wszelkie działalności obsługujące studentów, turystów i młode pracujące osoby dobrze wpisałyby się w profil budynku.</p>



<p>Miernicza jest historyczną wrocławską ulicą, szeroko opisywaną między innymi przez Joannę Mielewczyk w książce „Kamienice“. Ze względu na fakt, że w całości zachowała się tu przedwojenna zabudowa, Miernicza była też &nbsp;planem filmowym między innymi dla „Miasta Szpiegów“ z&nbsp;Tomem Hanksem czy filmu Patryka Vegi</p>



<p>Unikatową cechą lokali są zachowane i odrestaurowane oryginalne niemieckie napisy na elewacji nad oknami &nbsp;lokalu, które mogą stać się&nbsp; piękną wizytówką prowadzonej tam działalności.</p>



<p>Powierzchnia: 54 mkw</p>



<p>Czynsz najmu: &nbsp;42 zł/mkw/m-ąc</p>



<p>Service charge: 12 zł/mkw/m-ąc</p>



<p>+ media płatne według zużycia na podstawie podliczników.</p>



<p>Ogrzewanie, woda i ścieki z sieci miejskiej.</p>



<p>Kontakt: 696 02 42 09</p>

<!-- This site is optimized with the Yoast SEO plugin v20.11 - https://yoast.com/wordpress/plugins/seo/ -->
<title>Lokal w zabytkowej kamienicy - Primere</title>
<meta name="robots" content="index, follow, max-snippet:-1, max-image-preview:large, max-video-preview:-1" />
<link rel="canonical" href="https://primere.pl/pl/property/lokal-w-zabytkowej-kamienicy/" />
<meta property="og:locale" content="pl_PL" />
<meta property="og:type" content="article" />
<meta property="og:title" content="Lokal w zabytkowej kamienicy - Primere" />
<meta property="og:description" content="Do wynajęcia lokal usługowo-handlowy w pięknej, odrestaurowanej, historycznej kamienicy na Przedmieściu Oławskim przy ulicy Mierniczej 4 we Wrocławiu. Lokal w przyziemiu, z&nbsp;wejściem od strony ulicy, o łącznej powierzchni 54 mkw, składający się z&nbsp;trzech pomieszczeń doświetlonych światłem dziennym, w tym dwóch połączonych sal sprzedaży o powierzchniach 19,87 mkw i 9,69 mkw,&nbsp; zaplecza biurowego o powierzchni 12,27 [&hellip;]" />
<meta property="og:url" content="https://primere.pl/pl/property/lokal-w-zabytkowej-kamienicy/" />
<meta property="og:site_name" content="Primere" />
<meta property="article:modified_time" content="2023-05-31T12:35:47+00:00" />
<meta property="og:image" content="https://primere.pl/primere_pliki/uploads/2023/05/IMG_6405-rotated.jpg" />
	<meta property="og:image:width" content="480" />
	<meta property="og:image:height" content="640" />
	<meta property="og:image:type" content="image/jpeg" />
<meta name="twitter:card" content="summary_large_image" />
<meta name="twitter:label1" content="Szacowany czas czytania" />
	<meta name="twitter:data1" content="2 minuty" />
<script type="application/ld+json" class="yoast-schema-graph">{"@context":"https://schema.org","@graph":[{"@type":"WebPage","@id":"https://primere.pl/pl/property/lokal-w-zabytkowej-kamienicy/","url":"https://primere.pl/pl/property/lokal-w-zabytkowej-kamienicy/","name":"Lokal w zabytkowej kamienicy - Primere","isPartOf":{"@id":"https://primere.pl/pl/#website"},"datePublished":"2023-05-30T15:14:10+00:00","dateModified":"2023-05-31T12:35:47+00:00","breadcrumb":{"@id":"https://primere.pl/pl/property/lokal-w-zabytkowej-kamienicy/#breadcrumb"},"inLanguage":"pl-PL","potentialAction":[{"@type":"ReadAction","target":["https://primere.pl/pl/property/lokal-w-zabytkowej-kamienicy/"]}]},{"@type":"BreadcrumbList","@id":"https://primere.pl/pl/property/lokal-w-zabytkowej-kamienicy/#breadcrumb","itemListElement":[{"@type":"ListItem","position":1,"name":"Strona główna","item":"https://primere.pl/pl/"},{"@type":"ListItem","position":2,"name":"Property","item":"https://primere.pl/pl/property/"},{"@type":"ListItem","position":3,"name":"Lokal w zabytkowej kamienicy"}]},{"@type":"WebSite","@id":"https://primere.pl/pl/#website","url":"https://primere.pl/pl/","name":"Primere","description":"Real Estate Advisors","potentialAction":[{"@type":"SearchAction","target":{"@type":"EntryPoint","urlTemplate":"https://primere.pl/pl/?s={search_term_string}"},"query-input":"required name=search_term_string"}],"inLanguage":"pl-PL"}]}</script>
<!-- / Yoast SEO plugin. -->

Do wynajęcia lokal usługowo-handlowy w pięknej, odrestaurowanej, historycznej kamienicy na Przedmieściu Oławskim przy ulicy Mierniczej 4 we Wrocławiu. Lokal w przyziemiu, z&nbsp;wejściem od strony ulicy, o łącznej powierzchni 54 mkw, składający się z&nbsp;trzech pomieszczeń doświetlonych światłem dziennym, w tym dwóch połączonych sal sprzedaży o powierzchniach 19,87 mkw i 9,69 mkw,&nbsp; zaplecza biurowego o powierzchni 12,27 [&hellip;]

Strona główna
