{"id":3527,"date":"2023-09-08T08:29:00","date_gmt":"2023-09-08T06:29:00","guid":{"rendered":"https:\/\/primere.pl\/?post_type=property&#038;p=3527"},"modified":"2025-03-17T13:02:22","modified_gmt":"2025-03-17T12:02:22","slug":"rola-z-widokiem-na-gory-okazja","status":"publish","type":"property","link":"https:\/\/primere.pl\/pl\/property\/rola-z-widokiem-na-gory-okazja\/","title":{"rendered":"#Nieaktualne#Rola z widokiem na g\u00f3ry #Okazja"},"content":{"rendered":"\n<p>Na sprzeda\u017c grunt rolny z&nbsp;przepi\u0119knym widokiem na G\u00f3ry Bystrzyckie i Masyw \u015anie\u017cnika&nbsp; po\u0142o\u017cony &nbsp;w &nbsp;D\u0142ugopolu G\u00f3rnym, historycznej i malowniczej miejscowo\u015bci w G\u00f3rach Bystrzyckich.<\/p>\n\n\n\n<p>Dzia\u0142ka o powierzchni 18 509 mkw, niezabudowana, usytuowana po\u015br\u00f3d p\u00f3l uprawnych, bez medi\u00f3w, z&nbsp;dojazdem drog\u0105 poln\u0105<\/p>\n\n\n\n<p>W obowi\u0105zuj\u0105cym Miejscowym Planie Zagospodarowania Przestrzennego, zgodnie z&nbsp;za\u0142\u0105czonym rysunkiem dzia\u0142ka przeznaczona w 100 % pod tereny u\u017cytk\u00f3w rolnych, uprawy polowe<\/p>\n\n\n\n<p>Oferta inwestycyjna w ci\u0105gle jeszcze niedocenionej turystycznie okolicy przepi\u0119knych G\u00f3r Bystrzyckich&nbsp; i Orlickich, raju dla mi\u0142o\u015bnik\u00f3w MTB, narciarzy biegowych i wszystkich tych, kt\u00f3rzy uciekaj\u0105 od zgie\u0142ku miasta<\/p>\n\n\n\n<p>Cena: 8 z\u0142\/m2 \u2013 150 000 z\u0142<\/p>\n\n\n\n<p>W D\u0142ugopolu posiadamy r\u00f3wnie\u017c w ofercie:<\/p>\n\n\n\n<ul>\n<li>grunt budowlany z&nbsp;MPZP, do podzia\u0142u na mniejsze dzia\u0142ki o powierzchni 11941 mkw w cenie 32 z\u0142\/mkw<\/li>\n\n\n\n<li>dzia\u0142k\u0119 zabudowan\u0105 przy rzece o powierzchni 6224 mkw w cenie 208 000 z\u0142<\/li>\n<\/ul>\n","protected":false},"author":2,"featured_media":3558,"comment_status":"closed","ping_status":"closed","template":"","format":"standard","meta":[],"property-category":[6],"property_tag":[],"yoast_head":"<!-- This site is optimized with the Yoast SEO plugin v20.11 - https:\/\/yoast.com\/wordpress\/plugins\/seo\/ -->\n<title>#Nieaktualne#Rola z widokiem na g\u00f3ry #Okazja - Primere<\/title>\n<meta name=\"robots\" content=\"index, follow, max-snippet:-1, max-image-preview:large, max-video-preview:-1\" \/>\n<link rel=\"canonical\" href=\"https:\/\/primere.pl\/pl\/property\/rola-z-widokiem-na-gory-okazja\/\" \/>\n<meta property=\"og:locale\" content=\"pl_PL\" \/>\n<meta property=\"og:type\" content=\"article\" \/>\n<meta property=\"og:title\" content=\"#Nieaktualne#Rola z widokiem na g\u00f3ry #Okazja - Primere\" \/>\n<meta property=\"og:description\" content=\"Na sprzeda\u017c grunt rolny z&nbsp;przepi\u0119knym widokiem na G\u00f3ry Bystrzyckie i Masyw \u015anie\u017cnika&nbsp; po\u0142o\u017cony &nbsp;w &nbsp;D\u0142ugopolu G\u00f3rnym, historycznej i malowniczej miejscowo\u015bci w G\u00f3rach Bystrzyckich. Dzia\u0142ka o powierzchni 18 509 mkw, niezabudowana, usytuowana po\u015br\u00f3d p\u00f3l uprawnych, bez medi\u00f3w, z&nbsp;dojazdem drog\u0105 poln\u0105 W obowi\u0105zuj\u0105cym Miejscowym Planie Zagospodarowania Przestrzennego, zgodnie z&nbsp;za\u0142\u0105czonym rysunkiem dzia\u0142ka przeznaczona w 100 % pod tereny [&hellip;]\" \/>\n<meta property=\"og:url\" content=\"https:\/\/primere.pl\/pl\/property\/rola-z-widokiem-na-gory-okazja\/\" \/>\n<meta property=\"og:site_name\" content=\"Primere\" \/>\n<meta property=\"article:modified_time\" content=\"2025-03-17T12:02:22+00:00\" \/>\n<meta property=\"og:image\" content=\"https:\/\/primere.pl\/primere_pliki\/uploads\/2023\/03\/IMG_2888.jpg\" \/>\n\t<meta property=\"og:image:width\" content=\"640\" \/>\n\t<meta property=\"og:image:height\" content=\"343\" \/>\n\t<meta property=\"og:image:type\" content=\"image\/jpeg\" \/>\n<meta name=\"twitter:card\" content=\"summary_large_image\" \/>\n<meta name=\"twitter:label1\" content=\"Szacowany czas czytania\" \/>\n\t<meta name=\"twitter:data1\" content=\"1 minuta\" \/>\n<script type=\"application\/ld+json\" class=\"yoast-schema-graph\">{\"@context\":\"https:\/\/schema.org\",\"@graph\":[{\"@type\":\"WebPage\",\"@id\":\"https:\/\/primere.pl\/pl\/property\/rola-z-widokiem-na-gory-okazja\/\",\"url\":\"https:\/\/primere.pl\/pl\/property\/rola-z-widokiem-na-gory-okazja\/\",\"name\":\"#Nieaktualne#Rola z widokiem na g\u00f3ry #Okazja - Primere\",\"isPartOf\":{\"@id\":\"https:\/\/primere.pl\/pl\/#website\"},\"datePublished\":\"2023-09-08T06:29:00+00:00\",\"dateModified\":\"2025-03-17T12:02:22+00:00\",\"breadcrumb\":{\"@id\":\"https:\/\/primere.pl\/pl\/property\/rola-z-widokiem-na-gory-okazja\/#breadcrumb\"},\"inLanguage\":\"pl-PL\",\"potentialAction\":[{\"@type\":\"ReadAction\",\"target\":[\"https:\/\/primere.pl\/pl\/property\/rola-z-widokiem-na-gory-okazja\/\"]}]},{\"@type\":\"BreadcrumbList\",\"@id\":\"https:\/\/primere.pl\/pl\/property\/rola-z-widokiem-na-gory-okazja\/#breadcrumb\",\"itemListElement\":[{\"@type\":\"ListItem\",\"position\":1,\"name\":\"Strona g\u0142\u00f3wna\",\"item\":\"https:\/\/primere.pl\/pl\/\"},{\"@type\":\"ListItem\",\"position\":2,\"name\":\"Property\",\"item\":\"https:\/\/primere.pl\/pl\/property\/\"},{\"@type\":\"ListItem\",\"position\":3,\"name\":\"#Nieaktualne#Rola z widokiem na g\u00f3ry #Okazja\"}]},{\"@type\":\"WebSite\",\"@id\":\"https:\/\/primere.pl\/pl\/#website\",\"url\":\"https:\/\/primere.pl\/pl\/\",\"name\":\"Primere\",\"description\":\"Real Estate Advisors\",\"potentialAction\":[{\"@type\":\"SearchAction\",\"target\":{\"@type\":\"EntryPoint\",\"urlTemplate\":\"https:\/\/primere.pl\/pl\/?s={search_term_string}\"},\"query-input\":\"required name=search_term_string\"}],\"inLanguage\":\"pl-PL\"}]}<\/script>\n<!-- \/ Yoast SEO plugin. -->","yoast_head_json":{"title":"#Nieaktualne#Rola z widokiem na g\u00f3ry #Okazja - Primere","robots":{"index":"index","follow":"follow","max-snippet":"max-snippet:-1","max-image-preview":"max-image-preview:large","max-video-preview":"max-video-preview:-1"},"canonical":"https:\/\/primere.pl\/pl\/property\/rola-z-widokiem-na-gory-okazja\/","og_locale":"pl_PL","og_type":"article","og_title":"#Nieaktualne#Rola z widokiem na g\u00f3ry #Okazja - Primere","og_description":"Na sprzeda\u017c grunt rolny z&nbsp;przepi\u0119knym widokiem na G\u00f3ry Bystrzyckie i Masyw \u015anie\u017cnika&nbsp; po\u0142o\u017cony &nbsp;w &nbsp;D\u0142ugopolu G\u00f3rnym, historycznej i malowniczej miejscowo\u015bci w G\u00f3rach Bystrzyckich. Dzia\u0142ka o powierzchni 18 509 mkw, niezabudowana, usytuowana po\u015br\u00f3d p\u00f3l uprawnych, bez medi\u00f3w, z&nbsp;dojazdem drog\u0105 poln\u0105 W obowi\u0105zuj\u0105cym Miejscowym Planie Zagospodarowania Przestrzennego, zgodnie z&nbsp;za\u0142\u0105czonym rysunkiem dzia\u0142ka przeznaczona w 100 % pod tereny [&hellip;]","og_url":"https:\/\/primere.pl\/pl\/property\/rola-z-widokiem-na-gory-okazja\/","og_site_name":"Primere","article_modified_time":"2025-03-17T12:02:22+00:00","og_image":[{"width":640,"height":343,"url":"https:\/\/primere.pl\/primere_pliki\/uploads\/2023\/03\/IMG_2888.jpg","type":"image\/jpeg"}],"twitter_card":"summary_large_image","twitter_misc":{"Szacowany czas czytania":"1 minuta"},"schema":{"@context":"https:\/\/schema.org","@graph":[{"@type":"WebPage","@id":"https:\/\/primere.pl\/pl\/property\/rola-z-widokiem-na-gory-okazja\/","url":"https:\/\/primere.pl\/pl\/property\/rola-z-widokiem-na-gory-okazja\/","name":"#Nieaktualne#Rola z widokiem na g\u00f3ry #Okazja - Primere","isPartOf":{"@id":"https:\/\/primere.pl\/pl\/#website"},"datePublished":"2023-09-08T06:29:00+00:00","dateModified":"2025-03-17T12:02:22+00:00","breadcrumb":{"@id":"https:\/\/primere.pl\/pl\/property\/rola-z-widokiem-na-gory-okazja\/#breadcrumb"},"inLanguage":"pl-PL","potentialAction":[{"@type":"ReadAction","target":["https:\/\/primere.pl\/pl\/property\/rola-z-widokiem-na-gory-okazja\/"]}]},{"@type":"BreadcrumbList","@id":"https:\/\/primere.pl\/pl\/property\/rola-z-widokiem-na-gory-okazja\/#breadcrumb","itemListElement":[{"@type":"ListItem","position":1,"name":"Strona g\u0142\u00f3wna","item":"https:\/\/primere.pl\/pl\/"},{"@type":"ListItem","position":2,"name":"Property","item":"https:\/\/primere.pl\/pl\/property\/"},{"@type":"ListItem","position":3,"name":"#Nieaktualne#Rola z widokiem na g\u00f3ry #Okazja"}]},{"@type":"WebSite","@id":"https:\/\/primere.pl\/pl\/#website","url":"https:\/\/primere.pl\/pl\/","name":"Primere","description":"Real Estate Advisors","potentialAction":[{"@type":"SearchAction","target":{"@type":"EntryPoint","urlTemplate":"https:\/\/primere.pl\/pl\/?s={search_term_string}"},"query-input":"required name=search_term_string"}],"inLanguage":"pl-PL"}]}},"_links":{"self":[{"href":"https:\/\/primere.pl\/pl\/wp-json\/wp\/v2\/property\/3527"}],"collection":[{"href":"https:\/\/primere.pl\/pl\/wp-json\/wp\/v2\/property"}],"about":[{"href":"https:\/\/primere.pl\/pl\/wp-json\/wp\/v2\/types\/property"}],"author":[{"embeddable":true,"href":"https:\/\/primere.pl\/pl\/wp-json\/wp\/v2\/users\/2"}],"replies":[{"embeddable":true,"href":"https:\/\/primere.pl\/pl\/wp-json\/wp\/v2\/comments?post=3527"}],"version-history":[{"count":2,"href":"https:\/\/primere.pl\/pl\/wp-json\/wp\/v2\/property\/3527\/revisions"}],"predecessor-version":[{"id":5104,"href":"https:\/\/primere.pl\/pl\/wp-json\/wp\/v2\/property\/3527\/revisions\/5104"}],"wp:featuredmedia":[{"embeddable":true,"href":"https:\/\/primere.pl\/pl\/wp-json\/wp\/v2\/media\/3558"}],"wp:attachment":[{"href":"https:\/\/primere.pl\/pl\/wp-json\/wp\/v2\/media?parent=3527"}],"wp:term":[{"taxonomy":"property-category","embeddable":true,"href":"https:\/\/primere.pl\/pl\/wp-json\/wp\/v2\/property-category?post=3527"},{"taxonomy":"property_tag","embeddable":true,"href":"https:\/\/primere.pl\/pl\/wp-json\/wp\/v2\/property_tag?post=3527"}],"curies":[{"name":"wp","href":"https:\/\/api.w.org\/{rel}","templated":true}]}}

#Nieaktualne#Rola z widokiem na góry #Okazja

<p>Na sprzedaż grunt rolny z&nbsp;przepięknym widokiem na Góry Bystrzyckie i Masyw Śnieżnika&nbsp; położony &nbsp;w &nbsp;Długopolu Górnym, historycznej i malowniczej miejscowości w Górach Bystrzyckich.</p>



<p>Działka o powierzchni 18 509 mkw, niezabudowana, usytuowana pośród pól uprawnych, bez mediów, z&nbsp;dojazdem drogą polną</p>



<p>W obowiązującym Miejscowym Planie Zagospodarowania Przestrzennego, zgodnie z&nbsp;załączonym rysunkiem działka przeznaczona w 100 % pod tereny użytków rolnych, uprawy polowe</p>



<p>Oferta inwestycyjna w ciągle jeszcze niedocenionej turystycznie okolicy przepięknych Gór Bystrzyckich&nbsp; i Orlickich, raju dla miłośników MTB, narciarzy biegowych i wszystkich tych, którzy uciekają od zgiełku miasta</p>



<p>Cena: 8 zł/m2 – 150 000 zł</p>



<p>W Długopolu posiadamy również w ofercie:</p>



<ul>
<li>grunt budowlany z&nbsp;MPZP, do podziału na mniejsze działki o powierzchni 11941 mkw w cenie 32 zł/mkw</li>



<li>działkę zabudowaną przy rzece o powierzchni 6224 mkw w cenie 208 000 zł</li>
</ul>

<!-- This site is optimized with the Yoast SEO plugin v20.11 - https://yoast.com/wordpress/plugins/seo/ -->
<title>#Nieaktualne#Rola z widokiem na góry #Okazja - Primere</title>
<meta name="robots" content="index, follow, max-snippet:-1, max-image-preview:large, max-video-preview:-1" />
<link rel="canonical" href="https://primere.pl/pl/property/rola-z-widokiem-na-gory-okazja/" />
<meta property="og:locale" content="pl_PL" />
<meta property="og:type" content="article" />
<meta property="og:title" content="#Nieaktualne#Rola z widokiem na góry #Okazja - Primere" />
<meta property="og:description" content="Na sprzedaż grunt rolny z&nbsp;przepięknym widokiem na Góry Bystrzyckie i Masyw Śnieżnika&nbsp; położony &nbsp;w &nbsp;Długopolu Górnym, historycznej i malowniczej miejscowości w Górach Bystrzyckich. Działka o powierzchni 18 509 mkw, niezabudowana, usytuowana pośród pól uprawnych, bez mediów, z&nbsp;dojazdem drogą polną W obowiązującym Miejscowym Planie Zagospodarowania Przestrzennego, zgodnie z&nbsp;załączonym rysunkiem działka przeznaczona w 100 % pod tereny [&hellip;]" />
<meta property="og:url" content="https://primere.pl/pl/property/rola-z-widokiem-na-gory-okazja/" />
<meta property="og:site_name" content="Primere" />
<meta property="article:modified_time" content="2025-03-17T12:02:22+00:00" />
<meta property="og:image" content="https://primere.pl/primere_pliki/uploads/2023/03/IMG_2888.jpg" />
	<meta property="og:image:width" content="640" />
	<meta property="og:image:height" content="343" />
	<meta property="og:image:type" content="image/jpeg" />
<meta name="twitter:card" content="summary_large_image" />
<meta name="twitter:label1" content="Szacowany czas czytania" />
	<meta name="twitter:data1" content="1 minuta" />
<script type="application/ld+json" class="yoast-schema-graph">{"@context":"https://schema.org","@graph":[{"@type":"WebPage","@id":"https://primere.pl/pl/property/rola-z-widokiem-na-gory-okazja/","url":"https://primere.pl/pl/property/rola-z-widokiem-na-gory-okazja/","name":"#Nieaktualne#Rola z widokiem na góry #Okazja - Primere","isPartOf":{"@id":"https://primere.pl/pl/#website"},"datePublished":"2023-09-08T06:29:00+00:00","dateModified":"2025-03-17T12:02:22+00:00","breadcrumb":{"@id":"https://primere.pl/pl/property/rola-z-widokiem-na-gory-okazja/#breadcrumb"},"inLanguage":"pl-PL","potentialAction":[{"@type":"ReadAction","target":["https://primere.pl/pl/property/rola-z-widokiem-na-gory-okazja/"]}]},{"@type":"BreadcrumbList","@id":"https://primere.pl/pl/property/rola-z-widokiem-na-gory-okazja/#breadcrumb","itemListElement":[{"@type":"ListItem","position":1,"name":"Strona główna","item":"https://primere.pl/pl/"},{"@type":"ListItem","position":2,"name":"Property","item":"https://primere.pl/pl/property/"},{"@type":"ListItem","position":3,"name":"#Nieaktualne#Rola z widokiem na góry #Okazja"}]},{"@type":"WebSite","@id":"https://primere.pl/pl/#website","url":"https://primere.pl/pl/","name":"Primere","description":"Real Estate Advisors","potentialAction":[{"@type":"SearchAction","target":{"@type":"EntryPoint","urlTemplate":"https://primere.pl/pl/?s={search_term_string}"},"query-input":"required name=search_term_string"}],"inLanguage":"pl-PL"}]}</script>
<!-- / Yoast SEO plugin. -->

#Nieaktualne#Rola z widokiem na góry #Okazja - Primere

Na sprzedaż grunt rolny z&nbsp;przepięknym widokiem na Góry Bystrzyckie i Masyw Śnieżnika&nbsp; położony &nbsp;w &nbsp;Długopolu Górnym, historycznej i malowniczej miejscowości w Górach Bystrzyckich. Działka o powierzchni 18 509 mkw, niezabudowana, usytuowana pośród pól uprawnych, bez mediów, z&nbsp;dojazdem drogą polną W obowiązującym Miejscowym Planie Zagospodarowania Przestrzennego, zgodnie z&nbsp;załączonym rysunkiem działka przeznaczona w 100 % pod tereny [&hellip;]

Strona główna
