{"id":3045,"date":"2022-08-05T13:19:00","date_gmt":"2022-08-05T11:19:00","guid":{"rendered":"https:\/\/primere.pl\/?post_type=property&#038;p=3045"},"modified":"2022-12-09T15:18:29","modified_gmt":"2022-12-09T14:18:29","slug":"lokal-z-witrynami","status":"publish","type":"property","link":"https:\/\/primere.pl\/pl\/property\/lokal-z-witrynami\/","title":{"rendered":"#WYNAJ\u0118TE_LOKAL Z WITRYNAMI"},"content":{"rendered":"\n<p>Do wynaj\u0119cia lokal handlowo-us\u0142ugowy, po\u0142o\u017cony w odrestaurowanej kamienicy na rogu jednej z g\u0142\u00f3wnych arterii Wroc\u0142awia, ulicy Pi\u0142sudskiego i ulicy Zapolskiej, przy kt\u00f3rej znajduje si\u0119 Urz\u0105d Miasta Wroc\u0142awia oraz Teatr Polski.<br>Lokal o \u0142\u0105cznej powierzchni 121,6 mkw, sk\u0142adaj\u0105cy si\u0119 z otwartej, funkcjonalnej sali sprzeda\u017cy o regularnym kszta\u0142cie, kuchni z meblami i sprz\u0119tem agd (mog\u0105cej pe\u0142ni\u0107 funkcj\u0119 pomieszczenia socjalnego\/jadalni dla pracownik\u00f3w), pomieszczenia ze zlewozmywakiem, toalety dla klient\u00f3w i pomieszczenia socjalnego\/gabinetu z \u0142azienk\u0105. Lokal dostosowany dla os\u00f3b niepe\u0142nosprawnych.<br>Lokal wyposa\u017cony w wentylacj\u0119 gastronomiczn\u0105, okablowanie alarmowe, kamery, klimatyzacj\u0119.<br>Wyko\u0144czony w wysokim standardzie, du\u017ce witryny zar\u00f3wno od ulicy Pi\u0142sudskiego jak i ulicy Zapolskiej.<br>Doskona\u0142a presti\u017cowa lokalizacja i wysoki standard lokalu sprawiaj\u0105, \u017ce w lokalu mo\u017cna prowadzi\u0107 zar\u00f3wno dzia\u0142alno\u015b\u0107 gastronomiczn\u0105, jak i us\u0142ugi medyczne, prawne, finansowe i handlowe.<br>Czynsz administracyjny do Wsp\u00f3lnoty &#8211; 1300 z\u0142\/miesi\u0119cznie<br>Czynsz najmu: 9800 z\u0142 netto\/miesi\u0105c<br>Media dodatkowo p\u0142atne na podstawie zu\u017cycia<\/p>\n","protected":false},"author":2,"featured_media":3108,"comment_status":"closed","ping_status":"closed","template":"","format":"standard","meta":[],"property-category":[8],"property_tag":[],"yoast_head":"<!-- This site is optimized with the Yoast SEO plugin v20.11 - https:\/\/yoast.com\/wordpress\/plugins\/seo\/ -->\n<title>#WYNAJ\u0118TE_LOKAL Z WITRYNAMI - Primere<\/title>\n<meta name=\"robots\" content=\"index, follow, max-snippet:-1, max-image-preview:large, max-video-preview:-1\" \/>\n<link rel=\"canonical\" href=\"https:\/\/primere.pl\/pl\/property\/lokal-z-witrynami\/\" \/>\n<meta property=\"og:locale\" content=\"pl_PL\" \/>\n<meta property=\"og:type\" content=\"article\" \/>\n<meta property=\"og:title\" content=\"#WYNAJ\u0118TE_LOKAL Z WITRYNAMI - Primere\" \/>\n<meta property=\"og:description\" content=\"Do wynaj\u0119cia lokal handlowo-us\u0142ugowy, po\u0142o\u017cony w odrestaurowanej kamienicy na rogu jednej z g\u0142\u00f3wnych arterii Wroc\u0142awia, ulicy Pi\u0142sudskiego i ulicy Zapolskiej, przy kt\u00f3rej znajduje si\u0119 Urz\u0105d Miasta Wroc\u0142awia oraz Teatr Polski.Lokal o \u0142\u0105cznej powierzchni 121,6 mkw, sk\u0142adaj\u0105cy si\u0119 z otwartej, funkcjonalnej sali sprzeda\u017cy o regularnym kszta\u0142cie, kuchni z meblami i sprz\u0119tem agd (mog\u0105cej pe\u0142ni\u0107 funkcj\u0119 pomieszczenia [&hellip;]\" \/>\n<meta property=\"og:url\" content=\"https:\/\/primere.pl\/pl\/property\/lokal-z-witrynami\/\" \/>\n<meta property=\"og:site_name\" content=\"Primere\" \/>\n<meta property=\"article:modified_time\" content=\"2022-12-09T14:18:29+00:00\" \/>\n<meta property=\"og:image\" content=\"https:\/\/primere.pl\/wp-content\/uploads\/2022\/08\/IMG_8753.jpg\" \/>\n\t<meta property=\"og:image:width\" content=\"640\" \/>\n\t<meta property=\"og:image:height\" content=\"480\" \/>\n\t<meta property=\"og:image:type\" content=\"image\/jpeg\" \/>\n<meta name=\"twitter:card\" content=\"summary_large_image\" \/>\n<meta name=\"twitter:label1\" content=\"Szacowany czas czytania\" \/>\n\t<meta name=\"twitter:data1\" content=\"1 minuta\" \/>\n<script type=\"application\/ld+json\" class=\"yoast-schema-graph\">{\"@context\":\"https:\/\/schema.org\",\"@graph\":[{\"@type\":\"WebPage\",\"@id\":\"https:\/\/primere.pl\/pl\/property\/lokal-z-witrynami\/\",\"url\":\"https:\/\/primere.pl\/pl\/property\/lokal-z-witrynami\/\",\"name\":\"#WYNAJ\u0118TE_LOKAL Z WITRYNAMI - Primere\",\"isPartOf\":{\"@id\":\"https:\/\/primere.pl\/pl\/#website\"},\"datePublished\":\"2022-08-05T11:19:00+00:00\",\"dateModified\":\"2022-12-09T14:18:29+00:00\",\"breadcrumb\":{\"@id\":\"https:\/\/primere.pl\/pl\/property\/lokal-z-witrynami\/#breadcrumb\"},\"inLanguage\":\"pl-PL\",\"potentialAction\":[{\"@type\":\"ReadAction\",\"target\":[\"https:\/\/primere.pl\/pl\/property\/lokal-z-witrynami\/\"]}]},{\"@type\":\"BreadcrumbList\",\"@id\":\"https:\/\/primere.pl\/pl\/property\/lokal-z-witrynami\/#breadcrumb\",\"itemListElement\":[{\"@type\":\"ListItem\",\"position\":1,\"name\":\"Strona g\u0142\u00f3wna\",\"item\":\"https:\/\/primere.pl\/pl\/\"},{\"@type\":\"ListItem\",\"position\":2,\"name\":\"Property\",\"item\":\"https:\/\/primere.pl\/pl\/property\/\"},{\"@type\":\"ListItem\",\"position\":3,\"name\":\"#WYNAJ\u0118TE_LOKAL Z WITRYNAMI\"}]},{\"@type\":\"WebSite\",\"@id\":\"https:\/\/primere.pl\/pl\/#website\",\"url\":\"https:\/\/primere.pl\/pl\/\",\"name\":\"Primere\",\"description\":\"Real Estate Advisors\",\"potentialAction\":[{\"@type\":\"SearchAction\",\"target\":{\"@type\":\"EntryPoint\",\"urlTemplate\":\"https:\/\/primere.pl\/pl\/?s={search_term_string}\"},\"query-input\":\"required name=search_term_string\"}],\"inLanguage\":\"pl-PL\"}]}<\/script>\n<!-- \/ Yoast SEO plugin. -->","yoast_head_json":{"title":"#WYNAJ\u0118TE_LOKAL Z WITRYNAMI - Primere","robots":{"index":"index","follow":"follow","max-snippet":"max-snippet:-1","max-image-preview":"max-image-preview:large","max-video-preview":"max-video-preview:-1"},"canonical":"https:\/\/primere.pl\/pl\/property\/lokal-z-witrynami\/","og_locale":"pl_PL","og_type":"article","og_title":"#WYNAJ\u0118TE_LOKAL Z WITRYNAMI - Primere","og_description":"Do wynaj\u0119cia lokal handlowo-us\u0142ugowy, po\u0142o\u017cony w odrestaurowanej kamienicy na rogu jednej z g\u0142\u00f3wnych arterii Wroc\u0142awia, ulicy Pi\u0142sudskiego i ulicy Zapolskiej, przy kt\u00f3rej znajduje si\u0119 Urz\u0105d Miasta Wroc\u0142awia oraz Teatr Polski.Lokal o \u0142\u0105cznej powierzchni 121,6 mkw, sk\u0142adaj\u0105cy si\u0119 z otwartej, funkcjonalnej sali sprzeda\u017cy o regularnym kszta\u0142cie, kuchni z meblami i sprz\u0119tem agd (mog\u0105cej pe\u0142ni\u0107 funkcj\u0119 pomieszczenia [&hellip;]","og_url":"https:\/\/primere.pl\/pl\/property\/lokal-z-witrynami\/","og_site_name":"Primere","article_modified_time":"2022-12-09T14:18:29+00:00","og_image":[{"width":640,"height":480,"url":"https:\/\/primere.pl\/wp-content\/uploads\/2022\/08\/IMG_8753.jpg","type":"image\/jpeg"}],"twitter_card":"summary_large_image","twitter_misc":{"Szacowany czas czytania":"1 minuta"},"schema":{"@context":"https:\/\/schema.org","@graph":[{"@type":"WebPage","@id":"https:\/\/primere.pl\/pl\/property\/lokal-z-witrynami\/","url":"https:\/\/primere.pl\/pl\/property\/lokal-z-witrynami\/","name":"#WYNAJ\u0118TE_LOKAL Z WITRYNAMI - Primere","isPartOf":{"@id":"https:\/\/primere.pl\/pl\/#website"},"datePublished":"2022-08-05T11:19:00+00:00","dateModified":"2022-12-09T14:18:29+00:00","breadcrumb":{"@id":"https:\/\/primere.pl\/pl\/property\/lokal-z-witrynami\/#breadcrumb"},"inLanguage":"pl-PL","potentialAction":[{"@type":"ReadAction","target":["https:\/\/primere.pl\/pl\/property\/lokal-z-witrynami\/"]}]},{"@type":"BreadcrumbList","@id":"https:\/\/primere.pl\/pl\/property\/lokal-z-witrynami\/#breadcrumb","itemListElement":[{"@type":"ListItem","position":1,"name":"Strona g\u0142\u00f3wna","item":"https:\/\/primere.pl\/pl\/"},{"@type":"ListItem","position":2,"name":"Property","item":"https:\/\/primere.pl\/pl\/property\/"},{"@type":"ListItem","position":3,"name":"#WYNAJ\u0118TE_LOKAL Z WITRYNAMI"}]},{"@type":"WebSite","@id":"https:\/\/primere.pl\/pl\/#website","url":"https:\/\/primere.pl\/pl\/","name":"Primere","description":"Real Estate Advisors","potentialAction":[{"@type":"SearchAction","target":{"@type":"EntryPoint","urlTemplate":"https:\/\/primere.pl\/pl\/?s={search_term_string}"},"query-input":"required name=search_term_string"}],"inLanguage":"pl-PL"}]}},"_links":{"self":[{"href":"https:\/\/primere.pl\/pl\/wp-json\/wp\/v2\/property\/3045"}],"collection":[{"href":"https:\/\/primere.pl\/pl\/wp-json\/wp\/v2\/property"}],"about":[{"href":"https:\/\/primere.pl\/pl\/wp-json\/wp\/v2\/types\/property"}],"author":[{"embeddable":true,"href":"https:\/\/primere.pl\/pl\/wp-json\/wp\/v2\/users\/2"}],"replies":[{"embeddable":true,"href":"https:\/\/primere.pl\/pl\/wp-json\/wp\/v2\/comments?post=3045"}],"version-history":[{"count":4,"href":"https:\/\/primere.pl\/pl\/wp-json\/wp\/v2\/property\/3045\/revisions"}],"predecessor-version":[{"id":3227,"href":"https:\/\/primere.pl\/pl\/wp-json\/wp\/v2\/property\/3045\/revisions\/3227"}],"wp:featuredmedia":[{"embeddable":true,"href":"https:\/\/primere.pl\/pl\/wp-json\/wp\/v2\/media\/3108"}],"wp:attachment":[{"href":"https:\/\/primere.pl\/pl\/wp-json\/wp\/v2\/media?parent=3045"}],"wp:term":[{"taxonomy":"property-category","embeddable":true,"href":"https:\/\/primere.pl\/pl\/wp-json\/wp\/v2\/property-category?post=3045"},{"taxonomy":"property_tag","embeddable":true,"href":"https:\/\/primere.pl\/pl\/wp-json\/wp\/v2\/property_tag?post=3045"}],"curies":[{"name":"wp","href":"https:\/\/api.w.org\/{rel}","templated":true}]}}

#WYNAJĘTE_LOKAL Z WITRYNAMI

<p>Do wynajęcia lokal handlowo-usługowy, położony w odrestaurowanej kamienicy na rogu jednej z głównych arterii Wrocławia, ulicy Piłsudskiego i ulicy Zapolskiej, przy której znajduje się Urząd Miasta Wrocławia oraz Teatr Polski.<br>Lokal o łącznej powierzchni 121,6 mkw, składający się z otwartej, funkcjonalnej sali sprzedaży o regularnym kształcie, kuchni z meblami i sprzętem agd (mogącej pełnić funkcję pomieszczenia socjalnego/jadalni dla pracowników), pomieszczenia ze zlewozmywakiem, toalety dla klientów i pomieszczenia socjalnego/gabinetu z łazienką. Lokal dostosowany dla osób niepełnosprawnych.<br>Lokal wyposażony w wentylację gastronomiczną, okablowanie alarmowe, kamery, klimatyzację.<br>Wykończony w wysokim standardzie, duże witryny zarówno od ulicy Piłsudskiego jak i ulicy Zapolskiej.<br>Doskonała prestiżowa lokalizacja i wysoki standard lokalu sprawiają, że w lokalu można prowadzić zarówno działalność gastronomiczną, jak i usługi medyczne, prawne, finansowe i handlowe.<br>Czynsz administracyjny do Wspólnoty &#8211; 1300 zł/miesięcznie<br>Czynsz najmu: 9800 zł netto/miesiąc<br>Media dodatkowo płatne na podstawie zużycia</p>

<!-- This site is optimized with the Yoast SEO plugin v20.11 - https://yoast.com/wordpress/plugins/seo/ -->
<title>#WYNAJĘTE_LOKAL Z WITRYNAMI - Primere</title>
<meta name="robots" content="index, follow, max-snippet:-1, max-image-preview:large, max-video-preview:-1" />
<link rel="canonical" href="https://primere.pl/pl/property/lokal-z-witrynami/" />
<meta property="og:locale" content="pl_PL" />
<meta property="og:type" content="article" />
<meta property="og:title" content="#WYNAJĘTE_LOKAL Z WITRYNAMI - Primere" />
<meta property="og:description" content="Do wynajęcia lokal handlowo-usługowy, położony w odrestaurowanej kamienicy na rogu jednej z głównych arterii Wrocławia, ulicy Piłsudskiego i ulicy Zapolskiej, przy której znajduje się Urząd Miasta Wrocławia oraz Teatr Polski.Lokal o łącznej powierzchni 121,6 mkw, składający się z otwartej, funkcjonalnej sali sprzedaży o regularnym kształcie, kuchni z meblami i sprzętem agd (mogącej pełnić funkcję pomieszczenia [&hellip;]" />
<meta property="og:url" content="https://primere.pl/pl/property/lokal-z-witrynami/" />
<meta property="og:site_name" content="Primere" />
<meta property="article:modified_time" content="2022-12-09T14:18:29+00:00" />
<meta property="og:image" content="https://primere.pl/wp-content/uploads/2022/08/IMG_8753.jpg" />
	<meta property="og:image:width" content="640" />
	<meta property="og:image:height" content="480" />
	<meta property="og:image:type" content="image/jpeg" />
<meta name="twitter:card" content="summary_large_image" />
<meta name="twitter:label1" content="Szacowany czas czytania" />
	<meta name="twitter:data1" content="1 minuta" />
<script type="application/ld+json" class="yoast-schema-graph">{"@context":"https://schema.org","@graph":[{"@type":"WebPage","@id":"https://primere.pl/pl/property/lokal-z-witrynami/","url":"https://primere.pl/pl/property/lokal-z-witrynami/","name":"#WYNAJĘTE_LOKAL Z WITRYNAMI - Primere","isPartOf":{"@id":"https://primere.pl/pl/#website"},"datePublished":"2022-08-05T11:19:00+00:00","dateModified":"2022-12-09T14:18:29+00:00","breadcrumb":{"@id":"https://primere.pl/pl/property/lokal-z-witrynami/#breadcrumb"},"inLanguage":"pl-PL","potentialAction":[{"@type":"ReadAction","target":["https://primere.pl/pl/property/lokal-z-witrynami/"]}]},{"@type":"BreadcrumbList","@id":"https://primere.pl/pl/property/lokal-z-witrynami/#breadcrumb","itemListElement":[{"@type":"ListItem","position":1,"name":"Strona główna","item":"https://primere.pl/pl/"},{"@type":"ListItem","position":2,"name":"Property","item":"https://primere.pl/pl/property/"},{"@type":"ListItem","position":3,"name":"#WYNAJĘTE_LOKAL Z WITRYNAMI"}]},{"@type":"WebSite","@id":"https://primere.pl/pl/#website","url":"https://primere.pl/pl/","name":"Primere","description":"Real Estate Advisors","potentialAction":[{"@type":"SearchAction","target":{"@type":"EntryPoint","urlTemplate":"https://primere.pl/pl/?s={search_term_string}"},"query-input":"required name=search_term_string"}],"inLanguage":"pl-PL"}]}</script>
<!-- / Yoast SEO plugin. -->

#WYNAJĘTE_LOKAL Z WITRYNAMI - Primere

Do wynajęcia lokal handlowo-usługowy, położony w odrestaurowanej kamienicy na rogu jednej z głównych arterii Wrocławia, ulicy Piłsudskiego i ulicy Zapolskiej, przy której znajduje się Urząd Miasta Wrocławia oraz Teatr Polski.Lokal o łącznej powierzchni 121,6 mkw, składający się z otwartej, funkcjonalnej sali sprzedaży o regularnym kształcie, kuchni z meblami i sprzętem agd (mogącej pełnić funkcję pomieszczenia [&hellip;]

Strona główna
