{"id":2852,"date":"2025-09-21T19:07:00","date_gmt":"2025-09-21T17:07:00","guid":{"rendered":"https:\/\/primere.pl\/?post_type=property&#038;p=2852"},"modified":"2025-09-22T12:57:12","modified_gmt":"2025-09-22T10:57:12","slug":"dom-karlowice","status":"publish","type":"property","link":"https:\/\/primere.pl\/pl\/property\/dom-karlowice\/","title":{"rendered":"DOM KAR\u0141OWICE"},"content":{"rendered":"\n<p>Do wynaj\u0119cia  dom w zabudowie bli\u017aniaczej po\u0142o\u017cony w cichej i kameralnej uliczce na Kar\u0142owicach, zielonej, historycznej i presti\u017cowej dzielnicy p\u00f3\u0142nocnego Wroc\u0142awia. Dom posadowiony na dzia\u0142ce w kszta\u0142cie regularnego, wyd\u0142u\u017conego prostok\u0105ta o powierzchni 444 mkw.<br>Dom sk\u0142ada si\u0119, w zasadzie, z dw\u00f3ch odr\u0119bnych mieszka\u0144. Jedno w przyziemiu z osobnym wej\u015bciem od strony ogrodu (wynaj\u0119te); drugie, klasyczne, z osobnym wej\u015bciem, o powierzchni ok. 120 m2, sk\u0142adaj\u0105ce si\u0119 z dw\u00f3ch kondygnacji, w tym kuchni, dw\u00f3ch \u0142azienek, salonu z imponuj\u0105c\u0105 zamkni\u0119t\u0105 werand\u0105 z ogrodem zimowym, gabinetu i czterech sypialni.<\/p>\n\n\n\n<p>Dodatkowo, mo\u017cliwo\u015b\u0107 wynaj\u0119cia gara\u017cu i piwnic.<br>G\u0142\u00f3wnym atutem domu jest jego lokalizacja i du\u017ca powierzchnia daj\u0105c\u0105 spore mo\u017cliwo\u015bci aran\u017cacyjne.<br>Dom od\u015bwie\u017cony, pomalowany, \u0142azienka i kuchnia po remoncie. Wymienione okna. Na pod\u0142ogach parkiety; Dom nieumeblowany, do w\u0142asnej aran\u017cacji.<\/p>\n\n\n\n<p>Zdj\u0119cia zosta\u0142y wykonane przed remontem. Aktualnie dom w trakcie od\u015bwie\u017cania.<br><\/p>\n","protected":false},"author":2,"featured_media":2853,"comment_status":"open","ping_status":"closed","template":"","format":"standard","meta":[],"property-category":[4],"property_tag":[],"yoast_head":"<!-- This site is optimized with the Yoast SEO plugin v20.11 - https:\/\/yoast.com\/wordpress\/plugins\/seo\/ -->\n<title>DOM KAR\u0141OWICE - Primere<\/title>\n<meta name=\"robots\" content=\"index, follow, max-snippet:-1, max-image-preview:large, max-video-preview:-1\" \/>\n<link rel=\"canonical\" href=\"https:\/\/primere.pl\/pl\/property\/dom-karlowice\/\" \/>\n<meta property=\"og:locale\" content=\"pl_PL\" \/>\n<meta property=\"og:type\" content=\"article\" \/>\n<meta property=\"og:title\" content=\"DOM KAR\u0141OWICE - Primere\" \/>\n<meta property=\"og:description\" content=\"Do wynaj\u0119cia dom w zabudowie bli\u017aniaczej po\u0142o\u017cony w cichej i kameralnej uliczce na Kar\u0142owicach, zielonej, historycznej i presti\u017cowej dzielnicy p\u00f3\u0142nocnego Wroc\u0142awia. Dom posadowiony na dzia\u0142ce w kszta\u0142cie regularnego, wyd\u0142u\u017conego prostok\u0105ta o powierzchni 444 mkw.Dom sk\u0142ada si\u0119, w zasadzie, z dw\u00f3ch odr\u0119bnych mieszka\u0144. Jedno w przyziemiu z osobnym wej\u015bciem od strony ogrodu (wynaj\u0119te); drugie, klasyczne, z [&hellip;]\" \/>\n<meta property=\"og:url\" content=\"https:\/\/primere.pl\/pl\/property\/dom-karlowice\/\" \/>\n<meta property=\"og:site_name\" content=\"Primere\" \/>\n<meta property=\"article:modified_time\" content=\"2025-09-22T10:57:12+00:00\" \/>\n<meta property=\"og:image\" content=\"https:\/\/primere.pl\/primere_pliki\/uploads\/2021\/08\/IMG_9481.jpg\" \/>\n\t<meta property=\"og:image:width\" content=\"640\" \/>\n\t<meta property=\"og:image:height\" content=\"480\" \/>\n\t<meta property=\"og:image:type\" content=\"image\/jpeg\" \/>\n<meta name=\"twitter:card\" content=\"summary_large_image\" \/>\n<meta name=\"twitter:label1\" content=\"Szacowany czas czytania\" \/>\n\t<meta name=\"twitter:data1\" content=\"1 minuta\" \/>\n<script type=\"application\/ld+json\" class=\"yoast-schema-graph\">{\"@context\":\"https:\/\/schema.org\",\"@graph\":[{\"@type\":\"WebPage\",\"@id\":\"https:\/\/primere.pl\/pl\/property\/dom-karlowice\/\",\"url\":\"https:\/\/primere.pl\/pl\/property\/dom-karlowice\/\",\"name\":\"DOM KAR\u0141OWICE - Primere\",\"isPartOf\":{\"@id\":\"https:\/\/primere.pl\/pl\/#website\"},\"datePublished\":\"2025-09-21T17:07:00+00:00\",\"dateModified\":\"2025-09-22T10:57:12+00:00\",\"breadcrumb\":{\"@id\":\"https:\/\/primere.pl\/pl\/property\/dom-karlowice\/#breadcrumb\"},\"inLanguage\":\"pl-PL\",\"potentialAction\":[{\"@type\":\"ReadAction\",\"target\":[\"https:\/\/primere.pl\/pl\/property\/dom-karlowice\/\"]}]},{\"@type\":\"BreadcrumbList\",\"@id\":\"https:\/\/primere.pl\/pl\/property\/dom-karlowice\/#breadcrumb\",\"itemListElement\":[{\"@type\":\"ListItem\",\"position\":1,\"name\":\"Strona g\u0142\u00f3wna\",\"item\":\"https:\/\/primere.pl\/pl\/\"},{\"@type\":\"ListItem\",\"position\":2,\"name\":\"Property\",\"item\":\"https:\/\/primere.pl\/pl\/property\/\"},{\"@type\":\"ListItem\",\"position\":3,\"name\":\"DOM KAR\u0141OWICE\"}]},{\"@type\":\"WebSite\",\"@id\":\"https:\/\/primere.pl\/pl\/#website\",\"url\":\"https:\/\/primere.pl\/pl\/\",\"name\":\"Primere\",\"description\":\"Real Estate Advisors\",\"potentialAction\":[{\"@type\":\"SearchAction\",\"target\":{\"@type\":\"EntryPoint\",\"urlTemplate\":\"https:\/\/primere.pl\/pl\/?s={search_term_string}\"},\"query-input\":\"required name=search_term_string\"}],\"inLanguage\":\"pl-PL\"}]}<\/script>\n<!-- \/ Yoast SEO plugin. -->","yoast_head_json":{"title":"DOM KAR\u0141OWICE - Primere","robots":{"index":"index","follow":"follow","max-snippet":"max-snippet:-1","max-image-preview":"max-image-preview:large","max-video-preview":"max-video-preview:-1"},"canonical":"https:\/\/primere.pl\/pl\/property\/dom-karlowice\/","og_locale":"pl_PL","og_type":"article","og_title":"DOM KAR\u0141OWICE - Primere","og_description":"Do wynaj\u0119cia dom w zabudowie bli\u017aniaczej po\u0142o\u017cony w cichej i kameralnej uliczce na Kar\u0142owicach, zielonej, historycznej i presti\u017cowej dzielnicy p\u00f3\u0142nocnego Wroc\u0142awia. Dom posadowiony na dzia\u0142ce w kszta\u0142cie regularnego, wyd\u0142u\u017conego prostok\u0105ta o powierzchni 444 mkw.Dom sk\u0142ada si\u0119, w zasadzie, z dw\u00f3ch odr\u0119bnych mieszka\u0144. Jedno w przyziemiu z osobnym wej\u015bciem od strony ogrodu (wynaj\u0119te); drugie, klasyczne, z [&hellip;]","og_url":"https:\/\/primere.pl\/pl\/property\/dom-karlowice\/","og_site_name":"Primere","article_modified_time":"2025-09-22T10:57:12+00:00","og_image":[{"width":640,"height":480,"url":"https:\/\/primere.pl\/primere_pliki\/uploads\/2021\/08\/IMG_9481.jpg","type":"image\/jpeg"}],"twitter_card":"summary_large_image","twitter_misc":{"Szacowany czas czytania":"1 minuta"},"schema":{"@context":"https:\/\/schema.org","@graph":[{"@type":"WebPage","@id":"https:\/\/primere.pl\/pl\/property\/dom-karlowice\/","url":"https:\/\/primere.pl\/pl\/property\/dom-karlowice\/","name":"DOM KAR\u0141OWICE - Primere","isPartOf":{"@id":"https:\/\/primere.pl\/pl\/#website"},"datePublished":"2025-09-21T17:07:00+00:00","dateModified":"2025-09-22T10:57:12+00:00","breadcrumb":{"@id":"https:\/\/primere.pl\/pl\/property\/dom-karlowice\/#breadcrumb"},"inLanguage":"pl-PL","potentialAction":[{"@type":"ReadAction","target":["https:\/\/primere.pl\/pl\/property\/dom-karlowice\/"]}]},{"@type":"BreadcrumbList","@id":"https:\/\/primere.pl\/pl\/property\/dom-karlowice\/#breadcrumb","itemListElement":[{"@type":"ListItem","position":1,"name":"Strona g\u0142\u00f3wna","item":"https:\/\/primere.pl\/pl\/"},{"@type":"ListItem","position":2,"name":"Property","item":"https:\/\/primere.pl\/pl\/property\/"},{"@type":"ListItem","position":3,"name":"DOM KAR\u0141OWICE"}]},{"@type":"WebSite","@id":"https:\/\/primere.pl\/pl\/#website","url":"https:\/\/primere.pl\/pl\/","name":"Primere","description":"Real Estate Advisors","potentialAction":[{"@type":"SearchAction","target":{"@type":"EntryPoint","urlTemplate":"https:\/\/primere.pl\/pl\/?s={search_term_string}"},"query-input":"required name=search_term_string"}],"inLanguage":"pl-PL"}]}},"_links":{"self":[{"href":"https:\/\/primere.pl\/pl\/wp-json\/wp\/v2\/property\/2852"}],"collection":[{"href":"https:\/\/primere.pl\/pl\/wp-json\/wp\/v2\/property"}],"about":[{"href":"https:\/\/primere.pl\/pl\/wp-json\/wp\/v2\/types\/property"}],"author":[{"embeddable":true,"href":"https:\/\/primere.pl\/pl\/wp-json\/wp\/v2\/users\/2"}],"replies":[{"embeddable":true,"href":"https:\/\/primere.pl\/pl\/wp-json\/wp\/v2\/comments?post=2852"}],"version-history":[{"count":4,"href":"https:\/\/primere.pl\/pl\/wp-json\/wp\/v2\/property\/2852\/revisions"}],"predecessor-version":[{"id":5302,"href":"https:\/\/primere.pl\/pl\/wp-json\/wp\/v2\/property\/2852\/revisions\/5302"}],"wp:featuredmedia":[{"embeddable":true,"href":"https:\/\/primere.pl\/pl\/wp-json\/wp\/v2\/media\/2853"}],"wp:attachment":[{"href":"https:\/\/primere.pl\/pl\/wp-json\/wp\/v2\/media?parent=2852"}],"wp:term":[{"taxonomy":"property-category","embeddable":true,"href":"https:\/\/primere.pl\/pl\/wp-json\/wp\/v2\/property-category?post=2852"},{"taxonomy":"property_tag","embeddable":true,"href":"https:\/\/primere.pl\/pl\/wp-json\/wp\/v2\/property_tag?post=2852"}],"curies":[{"name":"wp","href":"https:\/\/api.w.org\/{rel}","templated":true}]}}

DOM KARŁOWICE

<p>Do wynajęcia  dom w zabudowie bliźniaczej położony w cichej i kameralnej uliczce na Karłowicach, zielonej, historycznej i prestiżowej dzielnicy północnego Wrocławia. Dom posadowiony na działce w kształcie regularnego, wydłużonego prostokąta o powierzchni 444 mkw.<br>Dom składa się, w zasadzie, z dwóch odrębnych mieszkań. Jedno w przyziemiu z osobnym wejściem od strony ogrodu (wynajęte); drugie, klasyczne, z osobnym wejściem, o powierzchni ok. 120 m2, składające się z dwóch kondygnacji, w tym kuchni, dwóch łazienek, salonu z imponującą zamkniętą werandą z ogrodem zimowym, gabinetu i czterech sypialni.</p>



<p>Dodatkowo, możliwość wynajęcia garażu i piwnic.<br>Głównym atutem domu jest jego lokalizacja i duża powierzchnia dającą spore możliwości aranżacyjne.<br>Dom odświeżony, pomalowany, łazienka i kuchnia po remoncie. Wymienione okna. Na podłogach parkiety; Dom nieumeblowany, do własnej aranżacji.</p>



<p>Zdjęcia zostały wykonane przed remontem. Aktualnie dom w trakcie odświeżania.<br></p>

<!-- This site is optimized with the Yoast SEO plugin v20.11 - https://yoast.com/wordpress/plugins/seo/ -->
<title>DOM KARŁOWICE - Primere</title>
<meta name="robots" content="index, follow, max-snippet:-1, max-image-preview:large, max-video-preview:-1" />
<link rel="canonical" href="https://primere.pl/pl/property/dom-karlowice/" />
<meta property="og:locale" content="pl_PL" />
<meta property="og:type" content="article" />
<meta property="og:title" content="DOM KARŁOWICE - Primere" />
<meta property="og:description" content="Do wynajęcia dom w zabudowie bliźniaczej położony w cichej i kameralnej uliczce na Karłowicach, zielonej, historycznej i prestiżowej dzielnicy północnego Wrocławia. Dom posadowiony na działce w kształcie regularnego, wydłużonego prostokąta o powierzchni 444 mkw.Dom składa się, w zasadzie, z dwóch odrębnych mieszkań. Jedno w przyziemiu z osobnym wejściem od strony ogrodu (wynajęte); drugie, klasyczne, z [&hellip;]" />
<meta property="og:url" content="https://primere.pl/pl/property/dom-karlowice/" />
<meta property="og:site_name" content="Primere" />
<meta property="article:modified_time" content="2025-09-22T10:57:12+00:00" />
<meta property="og:image" content="https://primere.pl/primere_pliki/uploads/2021/08/IMG_9481.jpg" />
	<meta property="og:image:width" content="640" />
	<meta property="og:image:height" content="480" />
	<meta property="og:image:type" content="image/jpeg" />
<meta name="twitter:card" content="summary_large_image" />
<meta name="twitter:label1" content="Szacowany czas czytania" />
	<meta name="twitter:data1" content="1 minuta" />
<script type="application/ld+json" class="yoast-schema-graph">{"@context":"https://schema.org","@graph":[{"@type":"WebPage","@id":"https://primere.pl/pl/property/dom-karlowice/","url":"https://primere.pl/pl/property/dom-karlowice/","name":"DOM KARŁOWICE - Primere","isPartOf":{"@id":"https://primere.pl/pl/#website"},"datePublished":"2025-09-21T17:07:00+00:00","dateModified":"2025-09-22T10:57:12+00:00","breadcrumb":{"@id":"https://primere.pl/pl/property/dom-karlowice/#breadcrumb"},"inLanguage":"pl-PL","potentialAction":[{"@type":"ReadAction","target":["https://primere.pl/pl/property/dom-karlowice/"]}]},{"@type":"BreadcrumbList","@id":"https://primere.pl/pl/property/dom-karlowice/#breadcrumb","itemListElement":[{"@type":"ListItem","position":1,"name":"Strona główna","item":"https://primere.pl/pl/"},{"@type":"ListItem","position":2,"name":"Property","item":"https://primere.pl/pl/property/"},{"@type":"ListItem","position":3,"name":"DOM KARŁOWICE"}]},{"@type":"WebSite","@id":"https://primere.pl/pl/#website","url":"https://primere.pl/pl/","name":"Primere","description":"Real Estate Advisors","potentialAction":[{"@type":"SearchAction","target":{"@type":"EntryPoint","urlTemplate":"https://primere.pl/pl/?s={search_term_string}"},"query-input":"required name=search_term_string"}],"inLanguage":"pl-PL"}]}</script>
<!-- / Yoast SEO plugin. -->

DOM KARŁOWICE - Primere

Do wynajęcia dom w zabudowie bliźniaczej położony w cichej i kameralnej uliczce na Karłowicach, zielonej, historycznej i prestiżowej dzielnicy północnego Wrocławia. Dom posadowiony na działce w kształcie regularnego, wydłużonego prostokąta o powierzchni 444 mkw.Dom składa się, w zasadzie, z dwóch odrębnych mieszkań. Jedno w przyziemiu z osobnym wejściem od strony ogrodu (wynajęte); drugie, klasyczne, z [&hellip;]

Strona główna
