{"id":2467,"date":"2021-01-11T12:37:22","date_gmt":"2021-01-11T11:37:22","guid":{"rendered":"https:\/\/primere.pl\/?post_type=property&#038;p=2467"},"modified":"2022-01-19T16:14:26","modified_gmt":"2022-01-19T15:14:26","slug":"taras_stare-miasto","status":"publish","type":"property","link":"https:\/\/primere.pl\/pl\/property\/taras_stare-miasto\/","title":{"rendered":"WYNAJ\u0118TE_TARAS_STARE MIASTO"},"content":{"rendered":"\n<p>Polecamy do wynaj\u0119cia apartament z unikatowym widokiem na Stare Miasto, po\u0142o\u017cony na 6 pi\u0119trze, w presti\u017cowym budynku Just&#8217;n Center przy ulicy Krawieckiej, vis a vis Galerii Dominika\u0144skiej.<br>Apartament o powierzchni 53 m2 sk\u0142adaj\u0105cy si\u0119 z<br>&#8211; salonu z aneksem kuchennym i wyj\u015bciem na taras z panoram\u0105 na Stare Miasto<br>&#8211; sypialni<br>&#8211; garderoby<br>&#8211; \u0142azienki<br>Apartament w pe\u0142ni umeblowany i wyposa\u017cony w standardzie hotelowym.<br>Do apartamentu przynale\u017cy miejsce postojowe w gara\u017cu podziemnym<br>W budynku znajduje si\u0119 ca\u0142odobowa portiernia i gara\u017c podziemny.<br>W budynku posiadamy do wynaj\u0119cia drugie bli\u017aniacze mieszkanie z mniejszym balkonem.<br>Czynsz najmu: 2880 PLN<br>Op\u0142aty dodatkowe w tym media ok 1000 PLN<\/p>\n","protected":false},"author":2,"featured_media":2506,"comment_status":"open","ping_status":"closed","template":"","format":"standard","meta":[],"property-category":[9],"property_tag":[],"yoast_head":"<!-- This site is optimized with the Yoast SEO plugin v20.11 - https:\/\/yoast.com\/wordpress\/plugins\/seo\/ -->\n<title>WYNAJ\u0118TE_TARAS_STARE MIASTO - Primere<\/title>\n<meta name=\"robots\" content=\"index, follow, max-snippet:-1, max-image-preview:large, max-video-preview:-1\" \/>\n<link rel=\"canonical\" href=\"https:\/\/primere.pl\/pl\/property\/taras_stare-miasto\/\" \/>\n<meta property=\"og:locale\" content=\"pl_PL\" \/>\n<meta property=\"og:type\" content=\"article\" \/>\n<meta property=\"og:title\" content=\"WYNAJ\u0118TE_TARAS_STARE MIASTO - Primere\" \/>\n<meta property=\"og:description\" content=\"Polecamy do wynaj\u0119cia apartament z unikatowym widokiem na Stare Miasto, po\u0142o\u017cony na 6 pi\u0119trze, w presti\u017cowym budynku Just&#8217;n Center przy ulicy Krawieckiej, vis a vis Galerii Dominika\u0144skiej.Apartament o powierzchni 53 m2 sk\u0142adaj\u0105cy si\u0119 z&#8211; salonu z aneksem kuchennym i wyj\u015bciem na taras z panoram\u0105 na Stare Miasto&#8211; sypialni&#8211; garderoby&#8211; \u0142azienkiApartament w pe\u0142ni umeblowany i wyposa\u017cony [&hellip;]\" \/>\n<meta property=\"og:url\" content=\"https:\/\/primere.pl\/pl\/property\/taras_stare-miasto\/\" \/>\n<meta property=\"og:site_name\" content=\"Primere\" \/>\n<meta property=\"article:modified_time\" content=\"2022-01-19T15:14:26+00:00\" \/>\n<meta property=\"og:image\" content=\"https:\/\/primere.pl\/wp-content\/uploads\/2021\/01\/IMG_5723.jpg\" \/>\n\t<meta property=\"og:image:width\" content=\"640\" \/>\n\t<meta property=\"og:image:height\" content=\"480\" \/>\n\t<meta property=\"og:image:type\" content=\"image\/jpeg\" \/>\n<meta name=\"twitter:card\" content=\"summary_large_image\" \/>\n<meta name=\"twitter:label1\" content=\"Szacowany czas czytania\" \/>\n\t<meta name=\"twitter:data1\" content=\"1 minuta\" \/>\n<script type=\"application\/ld+json\" class=\"yoast-schema-graph\">{\"@context\":\"https:\/\/schema.org\",\"@graph\":[{\"@type\":\"WebPage\",\"@id\":\"https:\/\/primere.pl\/pl\/property\/taras_stare-miasto\/\",\"url\":\"https:\/\/primere.pl\/pl\/property\/taras_stare-miasto\/\",\"name\":\"WYNAJ\u0118TE_TARAS_STARE MIASTO - Primere\",\"isPartOf\":{\"@id\":\"https:\/\/primere.pl\/pl\/#website\"},\"datePublished\":\"2021-01-11T11:37:22+00:00\",\"dateModified\":\"2022-01-19T15:14:26+00:00\",\"breadcrumb\":{\"@id\":\"https:\/\/primere.pl\/pl\/property\/taras_stare-miasto\/#breadcrumb\"},\"inLanguage\":\"pl-PL\",\"potentialAction\":[{\"@type\":\"ReadAction\",\"target\":[\"https:\/\/primere.pl\/pl\/property\/taras_stare-miasto\/\"]}]},{\"@type\":\"BreadcrumbList\",\"@id\":\"https:\/\/primere.pl\/pl\/property\/taras_stare-miasto\/#breadcrumb\",\"itemListElement\":[{\"@type\":\"ListItem\",\"position\":1,\"name\":\"Strona g\u0142\u00f3wna\",\"item\":\"https:\/\/primere.pl\/pl\/\"},{\"@type\":\"ListItem\",\"position\":2,\"name\":\"Property\",\"item\":\"https:\/\/primere.pl\/pl\/property\/\"},{\"@type\":\"ListItem\",\"position\":3,\"name\":\"WYNAJ\u0118TE_TARAS_STARE MIASTO\"}]},{\"@type\":\"WebSite\",\"@id\":\"https:\/\/primere.pl\/pl\/#website\",\"url\":\"https:\/\/primere.pl\/pl\/\",\"name\":\"Primere\",\"description\":\"Real Estate Advisors\",\"potentialAction\":[{\"@type\":\"SearchAction\",\"target\":{\"@type\":\"EntryPoint\",\"urlTemplate\":\"https:\/\/primere.pl\/pl\/?s={search_term_string}\"},\"query-input\":\"required name=search_term_string\"}],\"inLanguage\":\"pl-PL\"}]}<\/script>\n<!-- \/ Yoast SEO plugin. -->","yoast_head_json":{"title":"WYNAJ\u0118TE_TARAS_STARE MIASTO - Primere","robots":{"index":"index","follow":"follow","max-snippet":"max-snippet:-1","max-image-preview":"max-image-preview:large","max-video-preview":"max-video-preview:-1"},"canonical":"https:\/\/primere.pl\/pl\/property\/taras_stare-miasto\/","og_locale":"pl_PL","og_type":"article","og_title":"WYNAJ\u0118TE_TARAS_STARE MIASTO - Primere","og_description":"Polecamy do wynaj\u0119cia apartament z unikatowym widokiem na Stare Miasto, po\u0142o\u017cony na 6 pi\u0119trze, w presti\u017cowym budynku Just&#8217;n Center przy ulicy Krawieckiej, vis a vis Galerii Dominika\u0144skiej.Apartament o powierzchni 53 m2 sk\u0142adaj\u0105cy si\u0119 z&#8211; salonu z aneksem kuchennym i wyj\u015bciem na taras z panoram\u0105 na Stare Miasto&#8211; sypialni&#8211; garderoby&#8211; \u0142azienkiApartament w pe\u0142ni umeblowany i wyposa\u017cony [&hellip;]","og_url":"https:\/\/primere.pl\/pl\/property\/taras_stare-miasto\/","og_site_name":"Primere","article_modified_time":"2022-01-19T15:14:26+00:00","og_image":[{"width":640,"height":480,"url":"https:\/\/primere.pl\/wp-content\/uploads\/2021\/01\/IMG_5723.jpg","type":"image\/jpeg"}],"twitter_card":"summary_large_image","twitter_misc":{"Szacowany czas czytania":"1 minuta"},"schema":{"@context":"https:\/\/schema.org","@graph":[{"@type":"WebPage","@id":"https:\/\/primere.pl\/pl\/property\/taras_stare-miasto\/","url":"https:\/\/primere.pl\/pl\/property\/taras_stare-miasto\/","name":"WYNAJ\u0118TE_TARAS_STARE MIASTO - Primere","isPartOf":{"@id":"https:\/\/primere.pl\/pl\/#website"},"datePublished":"2021-01-11T11:37:22+00:00","dateModified":"2022-01-19T15:14:26+00:00","breadcrumb":{"@id":"https:\/\/primere.pl\/pl\/property\/taras_stare-miasto\/#breadcrumb"},"inLanguage":"pl-PL","potentialAction":[{"@type":"ReadAction","target":["https:\/\/primere.pl\/pl\/property\/taras_stare-miasto\/"]}]},{"@type":"BreadcrumbList","@id":"https:\/\/primere.pl\/pl\/property\/taras_stare-miasto\/#breadcrumb","itemListElement":[{"@type":"ListItem","position":1,"name":"Strona g\u0142\u00f3wna","item":"https:\/\/primere.pl\/pl\/"},{"@type":"ListItem","position":2,"name":"Property","item":"https:\/\/primere.pl\/pl\/property\/"},{"@type":"ListItem","position":3,"name":"WYNAJ\u0118TE_TARAS_STARE MIASTO"}]},{"@type":"WebSite","@id":"https:\/\/primere.pl\/pl\/#website","url":"https:\/\/primere.pl\/pl\/","name":"Primere","description":"Real Estate Advisors","potentialAction":[{"@type":"SearchAction","target":{"@type":"EntryPoint","urlTemplate":"https:\/\/primere.pl\/pl\/?s={search_term_string}"},"query-input":"required name=search_term_string"}],"inLanguage":"pl-PL"}]}},"_links":{"self":[{"href":"https:\/\/primere.pl\/pl\/wp-json\/wp\/v2\/property\/2467"}],"collection":[{"href":"https:\/\/primere.pl\/pl\/wp-json\/wp\/v2\/property"}],"about":[{"href":"https:\/\/primere.pl\/pl\/wp-json\/wp\/v2\/types\/property"}],"author":[{"embeddable":true,"href":"https:\/\/primere.pl\/pl\/wp-json\/wp\/v2\/users\/2"}],"replies":[{"embeddable":true,"href":"https:\/\/primere.pl\/pl\/wp-json\/wp\/v2\/comments?post=2467"}],"version-history":[{"count":2,"href":"https:\/\/primere.pl\/pl\/wp-json\/wp\/v2\/property\/2467\/revisions"}],"predecessor-version":[{"id":2904,"href":"https:\/\/primere.pl\/pl\/wp-json\/wp\/v2\/property\/2467\/revisions\/2904"}],"wp:featuredmedia":[{"embeddable":true,"href":"https:\/\/primere.pl\/pl\/wp-json\/wp\/v2\/media\/2506"}],"wp:attachment":[{"href":"https:\/\/primere.pl\/pl\/wp-json\/wp\/v2\/media?parent=2467"}],"wp:term":[{"taxonomy":"property-category","embeddable":true,"href":"https:\/\/primere.pl\/pl\/wp-json\/wp\/v2\/property-category?post=2467"},{"taxonomy":"property_tag","embeddable":true,"href":"https:\/\/primere.pl\/pl\/wp-json\/wp\/v2\/property_tag?post=2467"}],"curies":[{"name":"wp","href":"https:\/\/api.w.org\/{rel}","templated":true}]}}

WYNAJĘTE_TARAS_STARE MIASTO

<p>Polecamy do wynajęcia apartament z unikatowym widokiem na Stare Miasto, położony na 6 piętrze, w prestiżowym budynku Just&#8217;n Center przy ulicy Krawieckiej, vis a vis Galerii Dominikańskiej.<br>Apartament o powierzchni 53 m2 składający się z<br>&#8211; salonu z aneksem kuchennym i wyjściem na taras z panoramą na Stare Miasto<br>&#8211; sypialni<br>&#8211; garderoby<br>&#8211; łazienki<br>Apartament w pełni umeblowany i wyposażony w standardzie hotelowym.<br>Do apartamentu przynależy miejsce postojowe w garażu podziemnym<br>W budynku znajduje się całodobowa portiernia i garaż podziemny.<br>W budynku posiadamy do wynajęcia drugie bliźniacze mieszkanie z mniejszym balkonem.<br>Czynsz najmu: 2880 PLN<br>Opłaty dodatkowe w tym media ok 1000 PLN</p>

<!-- This site is optimized with the Yoast SEO plugin v20.11 - https://yoast.com/wordpress/plugins/seo/ -->
<title>WYNAJĘTE_TARAS_STARE MIASTO - Primere</title>
<meta name="robots" content="index, follow, max-snippet:-1, max-image-preview:large, max-video-preview:-1" />
<link rel="canonical" href="https://primere.pl/pl/property/taras_stare-miasto/" />
<meta property="og:locale" content="pl_PL" />
<meta property="og:type" content="article" />
<meta property="og:title" content="WYNAJĘTE_TARAS_STARE MIASTO - Primere" />
<meta property="og:description" content="Polecamy do wynajęcia apartament z unikatowym widokiem na Stare Miasto, położony na 6 piętrze, w prestiżowym budynku Just&#8217;n Center przy ulicy Krawieckiej, vis a vis Galerii Dominikańskiej.Apartament o powierzchni 53 m2 składający się z&#8211; salonu z aneksem kuchennym i wyjściem na taras z panoramą na Stare Miasto&#8211; sypialni&#8211; garderoby&#8211; łazienkiApartament w pełni umeblowany i wyposażony [&hellip;]" />
<meta property="og:url" content="https://primere.pl/pl/property/taras_stare-miasto/" />
<meta property="og:site_name" content="Primere" />
<meta property="article:modified_time" content="2022-01-19T15:14:26+00:00" />
<meta property="og:image" content="https://primere.pl/wp-content/uploads/2021/01/IMG_5723.jpg" />
	<meta property="og:image:width" content="640" />
	<meta property="og:image:height" content="480" />
	<meta property="og:image:type" content="image/jpeg" />
<meta name="twitter:card" content="summary_large_image" />
<meta name="twitter:label1" content="Szacowany czas czytania" />
	<meta name="twitter:data1" content="1 minuta" />
<script type="application/ld+json" class="yoast-schema-graph">{"@context":"https://schema.org","@graph":[{"@type":"WebPage","@id":"https://primere.pl/pl/property/taras_stare-miasto/","url":"https://primere.pl/pl/property/taras_stare-miasto/","name":"WYNAJĘTE_TARAS_STARE MIASTO - Primere","isPartOf":{"@id":"https://primere.pl/pl/#website"},"datePublished":"2021-01-11T11:37:22+00:00","dateModified":"2022-01-19T15:14:26+00:00","breadcrumb":{"@id":"https://primere.pl/pl/property/taras_stare-miasto/#breadcrumb"},"inLanguage":"pl-PL","potentialAction":[{"@type":"ReadAction","target":["https://primere.pl/pl/property/taras_stare-miasto/"]}]},{"@type":"BreadcrumbList","@id":"https://primere.pl/pl/property/taras_stare-miasto/#breadcrumb","itemListElement":[{"@type":"ListItem","position":1,"name":"Strona główna","item":"https://primere.pl/pl/"},{"@type":"ListItem","position":2,"name":"Property","item":"https://primere.pl/pl/property/"},{"@type":"ListItem","position":3,"name":"WYNAJĘTE_TARAS_STARE MIASTO"}]},{"@type":"WebSite","@id":"https://primere.pl/pl/#website","url":"https://primere.pl/pl/","name":"Primere","description":"Real Estate Advisors","potentialAction":[{"@type":"SearchAction","target":{"@type":"EntryPoint","urlTemplate":"https://primere.pl/pl/?s={search_term_string}"},"query-input":"required name=search_term_string"}],"inLanguage":"pl-PL"}]}</script>
<!-- / Yoast SEO plugin. -->

WYNAJĘTE_TARAS_STARE MIASTO - Primere

Polecamy do wynajęcia apartament z unikatowym widokiem na Stare Miasto, położony na 6 piętrze, w prestiżowym budynku Just&#8217;n Center przy ulicy Krawieckiej, vis a vis Galerii Dominikańskiej.Apartament o powierzchni 53 m2 składający się z&#8211; salonu z aneksem kuchennym i wyjściem na taras z panoramą na Stare Miasto&#8211; sypialni&#8211; garderoby&#8211; łazienkiApartament w pełni umeblowany i wyposażony [&hellip;]

Strona główna
