{"id":1901,"date":"2020-08-11T15:47:19","date_gmt":"2020-08-11T13:47:19","guid":{"rendered":"https:\/\/primere.pl\/?post_type=property&#038;p=1901"},"modified":"2020-10-30T15:35:54","modified_gmt":"2020-10-30T14:35:54","slug":"gory-dla-wizjonera","status":"publish","type":"property","link":"https:\/\/primere.pl\/pl\/property\/gory-dla-wizjonera\/","title":{"rendered":"#SPRZEDANE_G\u00d3RY DLA WIZJONERA"},"content":{"rendered":"\n<p>Na sprzeda\u017c grunt, o \u0142\u0105cznej powierzchni 1,05 ha, sk\u0142adaj\u0105cy si\u0119 z dzia\u0142ki zabudowanej o powierzchni 7500 m2 oraz pola o powierzchni 3000 m2, zlokalizowany na ko\u0144cu \u015bwiata, w urokliwej wsi ko\u0142o Mi\u0119dzylesia, w Masywie \u015anie\u017cnika, w niedalekiej odleg\u0142o\u015bci od drogi krajowej 33, prowadz\u0105cej na po\u0142udnie Europy:)<br>Przez wie\u015b przebiega niebieski szlak turystyczny na Hale pod \u015anie\u017cnikiem oraz szlak papieski. Wspania\u0142e miejsce zar\u00f3wno do odpoczynku jak i prowadzenia biznesu turystycznego.<br>Przedmiotem sprzeda\u017cy s\u0105 dwie dzia\u0142ki, w tym jedna zabudowana trzema budynkami.<br><br>W sk\u0142ad zabudowa\u0144 wchodz\u0105:<br><br>&#8211; du\u017cy, trzykondygnacyjny, podpiwniczony, budynek mieszkalny o powierzchni zabudowy 484 m2, czyli powierzchni ca\u0142kowitej ok 1200 m2<br>Dom wybudowany w drugiej po\u0142owie XIX wieku, murowany, pokryty blach\u0105, sk\u0142adaj\u0105cy si\u0119 z piwnicy, mieszkalnego parteru oraz dodatkowych dw\u00f3ch kondygnacji, na kt\u00f3rych sk\u0142adowano zbo\u017ce.<br>W celu wykorzystania potencja\u0142u nieruchomo\u015bci, budynek wymaga remontu generalnego i du\u017cych nak\u0142ad\u00f3w finansowych.<br>Jakkolwiek, przy odpowiednim poziomie determinacji, na parterze istnieje mo\u017cliwo\u015b\u0107 zamieszkania nawet w aktualnym stanie nieruchomo\u015bci \ud83d\ude42 <\/p>\n\n\n\n<p>Do domu doprowadzono nast\u0119puj\u0105ce media: pr\u0105d, telefon, woda z niedawno wybudowanej studni, ogrzewanie piecem CO; wymieniono drzwi wej\u015bciowe, okna oraz rynny<br><br>&#8211; Budynek gospodarczy \u2013 stodo\u0142a o powierzchni zabudowy 382 m2. Murowany, pokryty blach\u0105;<br><br>&#8211; Budynek gospodarczy \u2013 wozownia z gara\u017cem o powierzchni zabudowy 256 m2. Murowany, pokryty dach\u00f3wk\u0105.<br><br>Budynki w \u015brednim stanie technicznym, z ogromnym potencja\u0142em, ale wymagaj\u0105ce wizjonerstwa i zaplecza finansowego. Kompleks idealnie nadaje si\u0119 na hotel, pensjonat, du\u017c\u0105 agroturystyk\u0119.<br><br>Cena: 300 000 PLN<br><br>Kontakt: 696024209<\/p>\n\n\n\n<hr class=\"wp-block-separator\"\/>\n","protected":false},"author":2,"featured_media":1980,"comment_status":"open","ping_status":"closed","template":"","format":"standard","meta":[],"property-category":[6],"property_tag":[],"yoast_head":"<!-- This site is optimized with the Yoast SEO plugin v20.11 - https:\/\/yoast.com\/wordpress\/plugins\/seo\/ -->\n<title>#SPRZEDANE_G\u00d3RY DLA WIZJONERA - Primere<\/title>\n<meta name=\"robots\" content=\"index, follow, max-snippet:-1, max-image-preview:large, max-video-preview:-1\" \/>\n<link rel=\"canonical\" href=\"https:\/\/primere.pl\/pl\/property\/gory-dla-wizjonera\/\" \/>\n<meta property=\"og:locale\" content=\"pl_PL\" \/>\n<meta property=\"og:type\" content=\"article\" \/>\n<meta property=\"og:title\" content=\"#SPRZEDANE_G\u00d3RY DLA WIZJONERA - Primere\" \/>\n<meta property=\"og:description\" content=\"Na sprzeda\u017c grunt, o \u0142\u0105cznej powierzchni 1,05 ha, sk\u0142adaj\u0105cy si\u0119 z dzia\u0142ki zabudowanej o powierzchni 7500 m2 oraz pola o powierzchni 3000 m2, zlokalizowany na ko\u0144cu \u015bwiata, w urokliwej wsi ko\u0142o Mi\u0119dzylesia, w Masywie \u015anie\u017cnika, w niedalekiej odleg\u0142o\u015bci od drogi krajowej 33, prowadz\u0105cej na po\u0142udnie Europy:)Przez wie\u015b przebiega niebieski szlak turystyczny na Hale pod \u015anie\u017cnikiem [&hellip;]\" \/>\n<meta property=\"og:url\" content=\"https:\/\/primere.pl\/pl\/property\/gory-dla-wizjonera\/\" \/>\n<meta property=\"og:site_name\" content=\"Primere\" \/>\n<meta property=\"article:modified_time\" content=\"2020-10-30T14:35:54+00:00\" \/>\n<meta property=\"og:image\" content=\"https:\/\/primere.pl\/wp-content\/uploads\/2020\/08\/IMG_3780.jpg\" \/>\n\t<meta property=\"og:image:width\" content=\"640\" \/>\n\t<meta property=\"og:image:height\" content=\"551\" \/>\n\t<meta property=\"og:image:type\" content=\"image\/jpeg\" \/>\n<meta name=\"twitter:card\" content=\"summary_large_image\" \/>\n<meta name=\"twitter:label1\" content=\"Szacowany czas czytania\" \/>\n\t<meta name=\"twitter:data1\" content=\"1 minuta\" \/>\n<script type=\"application\/ld+json\" class=\"yoast-schema-graph\">{\"@context\":\"https:\/\/schema.org\",\"@graph\":[{\"@type\":\"WebPage\",\"@id\":\"https:\/\/primere.pl\/pl\/property\/gory-dla-wizjonera\/\",\"url\":\"https:\/\/primere.pl\/pl\/property\/gory-dla-wizjonera\/\",\"name\":\"#SPRZEDANE_G\u00d3RY DLA WIZJONERA - Primere\",\"isPartOf\":{\"@id\":\"https:\/\/primere.pl\/pl\/#website\"},\"datePublished\":\"2020-08-11T13:47:19+00:00\",\"dateModified\":\"2020-10-30T14:35:54+00:00\",\"breadcrumb\":{\"@id\":\"https:\/\/primere.pl\/pl\/property\/gory-dla-wizjonera\/#breadcrumb\"},\"inLanguage\":\"pl-PL\",\"potentialAction\":[{\"@type\":\"ReadAction\",\"target\":[\"https:\/\/primere.pl\/pl\/property\/gory-dla-wizjonera\/\"]}]},{\"@type\":\"BreadcrumbList\",\"@id\":\"https:\/\/primere.pl\/pl\/property\/gory-dla-wizjonera\/#breadcrumb\",\"itemListElement\":[{\"@type\":\"ListItem\",\"position\":1,\"name\":\"Strona g\u0142\u00f3wna\",\"item\":\"https:\/\/primere.pl\/pl\/\"},{\"@type\":\"ListItem\",\"position\":2,\"name\":\"Property\",\"item\":\"https:\/\/primere.pl\/pl\/property\/\"},{\"@type\":\"ListItem\",\"position\":3,\"name\":\"#SPRZEDANE_G\u00d3RY DLA WIZJONERA\"}]},{\"@type\":\"WebSite\",\"@id\":\"https:\/\/primere.pl\/pl\/#website\",\"url\":\"https:\/\/primere.pl\/pl\/\",\"name\":\"Primere\",\"description\":\"Real Estate Advisors\",\"potentialAction\":[{\"@type\":\"SearchAction\",\"target\":{\"@type\":\"EntryPoint\",\"urlTemplate\":\"https:\/\/primere.pl\/pl\/?s={search_term_string}\"},\"query-input\":\"required name=search_term_string\"}],\"inLanguage\":\"pl-PL\"}]}<\/script>\n<!-- \/ Yoast SEO plugin. -->","yoast_head_json":{"title":"#SPRZEDANE_G\u00d3RY DLA WIZJONERA - Primere","robots":{"index":"index","follow":"follow","max-snippet":"max-snippet:-1","max-image-preview":"max-image-preview:large","max-video-preview":"max-video-preview:-1"},"canonical":"https:\/\/primere.pl\/pl\/property\/gory-dla-wizjonera\/","og_locale":"pl_PL","og_type":"article","og_title":"#SPRZEDANE_G\u00d3RY DLA WIZJONERA - Primere","og_description":"Na sprzeda\u017c grunt, o \u0142\u0105cznej powierzchni 1,05 ha, sk\u0142adaj\u0105cy si\u0119 z dzia\u0142ki zabudowanej o powierzchni 7500 m2 oraz pola o powierzchni 3000 m2, zlokalizowany na ko\u0144cu \u015bwiata, w urokliwej wsi ko\u0142o Mi\u0119dzylesia, w Masywie \u015anie\u017cnika, w niedalekiej odleg\u0142o\u015bci od drogi krajowej 33, prowadz\u0105cej na po\u0142udnie Europy:)Przez wie\u015b przebiega niebieski szlak turystyczny na Hale pod \u015anie\u017cnikiem [&hellip;]","og_url":"https:\/\/primere.pl\/pl\/property\/gory-dla-wizjonera\/","og_site_name":"Primere","article_modified_time":"2020-10-30T14:35:54+00:00","og_image":[{"width":640,"height":551,"url":"https:\/\/primere.pl\/wp-content\/uploads\/2020\/08\/IMG_3780.jpg","type":"image\/jpeg"}],"twitter_card":"summary_large_image","twitter_misc":{"Szacowany czas czytania":"1 minuta"},"schema":{"@context":"https:\/\/schema.org","@graph":[{"@type":"WebPage","@id":"https:\/\/primere.pl\/pl\/property\/gory-dla-wizjonera\/","url":"https:\/\/primere.pl\/pl\/property\/gory-dla-wizjonera\/","name":"#SPRZEDANE_G\u00d3RY DLA WIZJONERA - Primere","isPartOf":{"@id":"https:\/\/primere.pl\/pl\/#website"},"datePublished":"2020-08-11T13:47:19+00:00","dateModified":"2020-10-30T14:35:54+00:00","breadcrumb":{"@id":"https:\/\/primere.pl\/pl\/property\/gory-dla-wizjonera\/#breadcrumb"},"inLanguage":"pl-PL","potentialAction":[{"@type":"ReadAction","target":["https:\/\/primere.pl\/pl\/property\/gory-dla-wizjonera\/"]}]},{"@type":"BreadcrumbList","@id":"https:\/\/primere.pl\/pl\/property\/gory-dla-wizjonera\/#breadcrumb","itemListElement":[{"@type":"ListItem","position":1,"name":"Strona g\u0142\u00f3wna","item":"https:\/\/primere.pl\/pl\/"},{"@type":"ListItem","position":2,"name":"Property","item":"https:\/\/primere.pl\/pl\/property\/"},{"@type":"ListItem","position":3,"name":"#SPRZEDANE_G\u00d3RY DLA WIZJONERA"}]},{"@type":"WebSite","@id":"https:\/\/primere.pl\/pl\/#website","url":"https:\/\/primere.pl\/pl\/","name":"Primere","description":"Real Estate Advisors","potentialAction":[{"@type":"SearchAction","target":{"@type":"EntryPoint","urlTemplate":"https:\/\/primere.pl\/pl\/?s={search_term_string}"},"query-input":"required name=search_term_string"}],"inLanguage":"pl-PL"}]}},"_links":{"self":[{"href":"https:\/\/primere.pl\/pl\/wp-json\/wp\/v2\/property\/1901"}],"collection":[{"href":"https:\/\/primere.pl\/pl\/wp-json\/wp\/v2\/property"}],"about":[{"href":"https:\/\/primere.pl\/pl\/wp-json\/wp\/v2\/types\/property"}],"author":[{"embeddable":true,"href":"https:\/\/primere.pl\/pl\/wp-json\/wp\/v2\/users\/2"}],"replies":[{"embeddable":true,"href":"https:\/\/primere.pl\/pl\/wp-json\/wp\/v2\/comments?post=1901"}],"version-history":[{"count":3,"href":"https:\/\/primere.pl\/pl\/wp-json\/wp\/v2\/property\/1901\/revisions"}],"predecessor-version":[{"id":2200,"href":"https:\/\/primere.pl\/pl\/wp-json\/wp\/v2\/property\/1901\/revisions\/2200"}],"wp:featuredmedia":[{"embeddable":true,"href":"https:\/\/primere.pl\/pl\/wp-json\/wp\/v2\/media\/1980"}],"wp:attachment":[{"href":"https:\/\/primere.pl\/pl\/wp-json\/wp\/v2\/media?parent=1901"}],"wp:term":[{"taxonomy":"property-category","embeddable":true,"href":"https:\/\/primere.pl\/pl\/wp-json\/wp\/v2\/property-category?post=1901"},{"taxonomy":"property_tag","embeddable":true,"href":"https:\/\/primere.pl\/pl\/wp-json\/wp\/v2\/property_tag?post=1901"}],"curies":[{"name":"wp","href":"https:\/\/api.w.org\/{rel}","templated":true}]}}

#SPRZEDANE_GÓRY DLA WIZJONERA

<p>Na sprzedaż grunt, o łącznej powierzchni 1,05 ha, składający się z działki zabudowanej o powierzchni 7500 m2 oraz pola o powierzchni 3000 m2, zlokalizowany na końcu świata, w urokliwej wsi koło Międzylesia, w Masywie Śnieżnika, w niedalekiej odległości od drogi krajowej 33, prowadzącej na południe Europy:)<br>Przez wieś przebiega niebieski szlak turystyczny na Hale pod Śnieżnikiem oraz szlak papieski. Wspaniałe miejsce zarówno do odpoczynku jak i prowadzenia biznesu turystycznego.<br>Przedmiotem sprzedaży są dwie działki, w tym jedna zabudowana trzema budynkami.<br><br>W skład zabudowań wchodzą:<br><br>&#8211; duży, trzykondygnacyjny, podpiwniczony, budynek mieszkalny o powierzchni zabudowy 484 m2, czyli powierzchni całkowitej ok 1200 m2<br>Dom wybudowany w drugiej połowie XIX wieku, murowany, pokryty blachą, składający się z piwnicy, mieszkalnego parteru oraz dodatkowych dwóch kondygnacji, na których składowano zboże.<br>W celu wykorzystania potencjału nieruchomości, budynek wymaga remontu generalnego i dużych nakładów finansowych.<br>Jakkolwiek, przy odpowiednim poziomie determinacji, na parterze istnieje możliwość zamieszkania nawet w aktualnym stanie nieruchomości 🙂 </p>



<p>Do domu doprowadzono następujące media: prąd, telefon, woda z niedawno wybudowanej studni, ogrzewanie piecem CO; wymieniono drzwi wejściowe, okna oraz rynny<br><br>&#8211; Budynek gospodarczy – stodoła o powierzchni zabudowy 382 m2. Murowany, pokryty blachą;<br><br>&#8211; Budynek gospodarczy – wozownia z garażem o powierzchni zabudowy 256 m2. Murowany, pokryty dachówką.<br><br>Budynki w średnim stanie technicznym, z ogromnym potencjałem, ale wymagające wizjonerstwa i zaplecza finansowego. Kompleks idealnie nadaje się na hotel, pensjonat, dużą agroturystykę.<br><br>Cena: 300 000 PLN<br><br>Kontakt: 696024209</p>



<hr class="wp-block-separator"/>

<!-- This site is optimized with the Yoast SEO plugin v20.11 - https://yoast.com/wordpress/plugins/seo/ -->
<title>#SPRZEDANE_GÓRY DLA WIZJONERA - Primere</title>
<meta name="robots" content="index, follow, max-snippet:-1, max-image-preview:large, max-video-preview:-1" />
<link rel="canonical" href="https://primere.pl/pl/property/gory-dla-wizjonera/" />
<meta property="og:locale" content="pl_PL" />
<meta property="og:type" content="article" />
<meta property="og:title" content="#SPRZEDANE_GÓRY DLA WIZJONERA - Primere" />
<meta property="og:description" content="Na sprzedaż grunt, o łącznej powierzchni 1,05 ha, składający się z działki zabudowanej o powierzchni 7500 m2 oraz pola o powierzchni 3000 m2, zlokalizowany na końcu świata, w urokliwej wsi koło Międzylesia, w Masywie Śnieżnika, w niedalekiej odległości od drogi krajowej 33, prowadzącej na południe Europy:)Przez wieś przebiega niebieski szlak turystyczny na Hale pod Śnieżnikiem [&hellip;]" />
<meta property="og:url" content="https://primere.pl/pl/property/gory-dla-wizjonera/" />
<meta property="og:site_name" content="Primere" />
<meta property="article:modified_time" content="2020-10-30T14:35:54+00:00" />
<meta property="og:image" content="https://primere.pl/wp-content/uploads/2020/08/IMG_3780.jpg" />
	<meta property="og:image:width" content="640" />
	<meta property="og:image:height" content="551" />
	<meta property="og:image:type" content="image/jpeg" />
<meta name="twitter:card" content="summary_large_image" />
<meta name="twitter:label1" content="Szacowany czas czytania" />
	<meta name="twitter:data1" content="1 minuta" />
<script type="application/ld+json" class="yoast-schema-graph">{"@context":"https://schema.org","@graph":[{"@type":"WebPage","@id":"https://primere.pl/pl/property/gory-dla-wizjonera/","url":"https://primere.pl/pl/property/gory-dla-wizjonera/","name":"#SPRZEDANE_GÓRY DLA WIZJONERA - Primere","isPartOf":{"@id":"https://primere.pl/pl/#website"},"datePublished":"2020-08-11T13:47:19+00:00","dateModified":"2020-10-30T14:35:54+00:00","breadcrumb":{"@id":"https://primere.pl/pl/property/gory-dla-wizjonera/#breadcrumb"},"inLanguage":"pl-PL","potentialAction":[{"@type":"ReadAction","target":["https://primere.pl/pl/property/gory-dla-wizjonera/"]}]},{"@type":"BreadcrumbList","@id":"https://primere.pl/pl/property/gory-dla-wizjonera/#breadcrumb","itemListElement":[{"@type":"ListItem","position":1,"name":"Strona główna","item":"https://primere.pl/pl/"},{"@type":"ListItem","position":2,"name":"Property","item":"https://primere.pl/pl/property/"},{"@type":"ListItem","position":3,"name":"#SPRZEDANE_GÓRY DLA WIZJONERA"}]},{"@type":"WebSite","@id":"https://primere.pl/pl/#website","url":"https://primere.pl/pl/","name":"Primere","description":"Real Estate Advisors","potentialAction":[{"@type":"SearchAction","target":{"@type":"EntryPoint","urlTemplate":"https://primere.pl/pl/?s={search_term_string}"},"query-input":"required name=search_term_string"}],"inLanguage":"pl-PL"}]}</script>
<!-- / Yoast SEO plugin. -->

#SPRZEDANE_GÓRY DLA WIZJONERA - Primere

Na sprzedaż grunt, o łącznej powierzchni 1,05 ha, składający się z działki zabudowanej o powierzchni 7500 m2 oraz pola o powierzchni 3000 m2, zlokalizowany na końcu świata, w urokliwej wsi koło Międzylesia, w Masywie Śnieżnika, w niedalekiej odległości od drogi krajowej 33, prowadzącej na południe Europy:)Przez wieś przebiega niebieski szlak turystyczny na Hale pod Śnieżnikiem [&hellip;]

Strona główna
