{"id":1584,"date":"2020-07-28T15:44:21","date_gmt":"2020-07-28T13:44:21","guid":{"rendered":"https:\/\/primere.pl\/?post_type=property&#038;p=1584"},"modified":"2020-07-28T15:45:02","modified_gmt":"2020-07-28T13:45:02","slug":"wynajete-dom-mokronos","status":"publish","type":"property","link":"https:\/\/primere.pl\/pl\/property\/wynajete-dom-mokronos\/","title":{"rendered":"#WYNAJ\u0118TE \/ DOM MOKRONOS"},"content":{"rendered":"\n<p>Do wynaj\u0119cia przestronny, zadbany dom wolnostoj\u0105cy na du\u017cej, zagospodarowanej dzia\u0142ce, po\u0142o\u017cony w Mokronosie G\u00f3rnym, miejscowo\u015bci oddalonej o ok. 3 km od po\u0142udniowych granic Wroc\u0142awia.<br>Dom dwukondygnacyjny o powierzchni ca\u0142kowitej 240 mkw, powierzchni u\u017cytkowej 190 mkw.<\/p>\n\n\n\n<p>Na parterze znajduje si\u0119:<br>&#8211; salon z jadalni\u0105 i wyj\u015bciem na du\u017cy taras i ogr\u00f3d<br>&#8211; otwarta na salon, jasna kuchnia<br>&#8211; dwa pokoje mog\u0105ce pe\u0142ni\u0107 funkcj\u0119 gabinetu, pokoju go\u015bcinnego, sypialni<br>&#8211; \u0142azienka z prysznicem<br>&#8211; pralnia<br>&#8211; garderoba<br>&#8211; gara\u017c z dwoma miejscami postojowymi<\/p>\n\n\n\n<p>Na pi\u0119trze zlokalizowano 3 sypialnie o powierzchni 20-30 mkw, w tym jedna g\u0142\u00f3wna z oddzieln\u0105 \u0142azienk\u0105, dodatkow\u0105 \u0142azienk\u0119 z wann\u0105 i prysznicem oraz garderob\u0119.<br>Dom zadbany, od\u015bwie\u017cony i funkcjonalny.<br>Cz\u0119\u015bciowo umeblowany i wyposa\u017cony. Zgodnie z oczekiwaniami przysz\u0142ych najemc\u00f3w istnieje mo\u017cliwo\u015b\u0107 dodatkowego doposa\u017cenia.<br>Ogrzewanie gazowe, na parterze pod\u0142ogowe. Dodatkowo w salonie znajduje si\u0119 kominek.<br>W cenie obs\u0142uga ogrodnika 1 x 6 miesi\u0119cy (wiosna\/jesie\u0144)<br>Miesi\u0119czny czynsz najmu: 6800 PLN<br>Dodatkowo p\u0142atne media wed\u0142ug zu\u017cycia tj:<br>&#8211; gaz<br>&#8211; energia elektryczna<br>&#8211; woda<br>&#8211; wyw\u00f3z \u015bciek\u00f3w<br>&#8211; \u015bmieci<br>&#8211; tv+internet<br>Du\u017cym atutem jest lokalizacja domu, oko\u0142o 300 m od stacji kolejki podmiejskiej, co znacznie u\u0142atwia komunikacj\u0119 z centrum Wroc\u0142awia.<br>Mokronos G\u00f3rny jest r\u00f3wnie\u017c dobr\u0105 lokalizacj\u0105 dla os\u00f3b, dla kt\u00f3rych istotna jest blisko\u015b\u0107 autostrady, AOW czy po\u0142udniowych i zachodnich dzielnic Wroc\u0142awia. Odleg\u0142o\u015b\u0107 od szko\u0142y mi\u0119dzynarodowej to ok. 4 km. W okolicy znajduj\u0105 si\u0119 sklepy, przychodnia, przedszkole Montessori.<br>Gor\u0105co polecamy ze wzgl\u0119du na standard nieruchomo\u015bci oraz lokalizacj\u0119.<br>wi\u0119cej informacji znajdziecie Pa\u0144stwo na naszej stronie www.primere.pl<br>W ofercie posiadamy wiele apartament\u00f3w i dom\u00f3w do wynaj\u0119cia<\/p>\n","protected":false},"author":2,"featured_media":1695,"comment_status":"open","ping_status":"closed","template":"","format":"standard","meta":[],"property-category":[4],"property_tag":[],"yoast_head":"<!-- This site is optimized with the Yoast SEO plugin v20.11 - https:\/\/yoast.com\/wordpress\/plugins\/seo\/ -->\n<title>#WYNAJ\u0118TE \/ DOM MOKRONOS - Primere<\/title>\n<meta name=\"robots\" content=\"index, follow, max-snippet:-1, max-image-preview:large, max-video-preview:-1\" \/>\n<link rel=\"canonical\" href=\"https:\/\/primere.pl\/pl\/property\/wynajete-dom-mokronos\/\" \/>\n<meta property=\"og:locale\" content=\"pl_PL\" \/>\n<meta property=\"og:type\" content=\"article\" \/>\n<meta property=\"og:title\" content=\"#WYNAJ\u0118TE \/ DOM MOKRONOS - Primere\" \/>\n<meta property=\"og:description\" content=\"Do wynaj\u0119cia przestronny, zadbany dom wolnostoj\u0105cy na du\u017cej, zagospodarowanej dzia\u0142ce, po\u0142o\u017cony w Mokronosie G\u00f3rnym, miejscowo\u015bci oddalonej o ok. 3 km od po\u0142udniowych granic Wroc\u0142awia.Dom dwukondygnacyjny o powierzchni ca\u0142kowitej 240 mkw, powierzchni u\u017cytkowej 190 mkw. Na parterze znajduje si\u0119:&#8211; salon z jadalni\u0105 i wyj\u015bciem na du\u017cy taras i ogr\u00f3d&#8211; otwarta na salon, jasna kuchnia&#8211; dwa pokoje [&hellip;]\" \/>\n<meta property=\"og:url\" content=\"https:\/\/primere.pl\/pl\/property\/wynajete-dom-mokronos\/\" \/>\n<meta property=\"og:site_name\" content=\"Primere\" \/>\n<meta property=\"article:modified_time\" content=\"2020-07-28T13:45:02+00:00\" \/>\n<meta property=\"og:image\" content=\"https:\/\/primere.pl\/wp-content\/uploads\/2020\/07\/IMG_2282-scaled.jpeg\" \/>\n\t<meta property=\"og:image:width\" content=\"2560\" \/>\n\t<meta property=\"og:image:height\" content=\"1920\" \/>\n\t<meta property=\"og:image:type\" content=\"image\/jpeg\" \/>\n<meta name=\"twitter:card\" content=\"summary_large_image\" \/>\n<meta name=\"twitter:label1\" content=\"Szacowany czas czytania\" \/>\n\t<meta name=\"twitter:data1\" content=\"1 minuta\" \/>\n<script type=\"application\/ld+json\" class=\"yoast-schema-graph\">{\"@context\":\"https:\/\/schema.org\",\"@graph\":[{\"@type\":\"WebPage\",\"@id\":\"https:\/\/primere.pl\/pl\/property\/wynajete-dom-mokronos\/\",\"url\":\"https:\/\/primere.pl\/pl\/property\/wynajete-dom-mokronos\/\",\"name\":\"#WYNAJ\u0118TE \/ DOM MOKRONOS - Primere\",\"isPartOf\":{\"@id\":\"https:\/\/primere.pl\/pl\/#website\"},\"datePublished\":\"2020-07-28T13:44:21+00:00\",\"dateModified\":\"2020-07-28T13:45:02+00:00\",\"breadcrumb\":{\"@id\":\"https:\/\/primere.pl\/pl\/property\/wynajete-dom-mokronos\/#breadcrumb\"},\"inLanguage\":\"pl-PL\",\"potentialAction\":[{\"@type\":\"ReadAction\",\"target\":[\"https:\/\/primere.pl\/pl\/property\/wynajete-dom-mokronos\/\"]}]},{\"@type\":\"BreadcrumbList\",\"@id\":\"https:\/\/primere.pl\/pl\/property\/wynajete-dom-mokronos\/#breadcrumb\",\"itemListElement\":[{\"@type\":\"ListItem\",\"position\":1,\"name\":\"Strona g\u0142\u00f3wna\",\"item\":\"https:\/\/primere.pl\/pl\/\"},{\"@type\":\"ListItem\",\"position\":2,\"name\":\"Property\",\"item\":\"https:\/\/primere.pl\/pl\/property\/\"},{\"@type\":\"ListItem\",\"position\":3,\"name\":\"#WYNAJ\u0118TE \/ DOM MOKRONOS\"}]},{\"@type\":\"WebSite\",\"@id\":\"https:\/\/primere.pl\/pl\/#website\",\"url\":\"https:\/\/primere.pl\/pl\/\",\"name\":\"Primere\",\"description\":\"Real Estate Advisors\",\"potentialAction\":[{\"@type\":\"SearchAction\",\"target\":{\"@type\":\"EntryPoint\",\"urlTemplate\":\"https:\/\/primere.pl\/pl\/?s={search_term_string}\"},\"query-input\":\"required name=search_term_string\"}],\"inLanguage\":\"pl-PL\"}]}<\/script>\n<!-- \/ Yoast SEO plugin. -->","yoast_head_json":{"title":"#WYNAJ\u0118TE \/ DOM MOKRONOS - Primere","robots":{"index":"index","follow":"follow","max-snippet":"max-snippet:-1","max-image-preview":"max-image-preview:large","max-video-preview":"max-video-preview:-1"},"canonical":"https:\/\/primere.pl\/pl\/property\/wynajete-dom-mokronos\/","og_locale":"pl_PL","og_type":"article","og_title":"#WYNAJ\u0118TE \/ DOM MOKRONOS - Primere","og_description":"Do wynaj\u0119cia przestronny, zadbany dom wolnostoj\u0105cy na du\u017cej, zagospodarowanej dzia\u0142ce, po\u0142o\u017cony w Mokronosie G\u00f3rnym, miejscowo\u015bci oddalonej o ok. 3 km od po\u0142udniowych granic Wroc\u0142awia.Dom dwukondygnacyjny o powierzchni ca\u0142kowitej 240 mkw, powierzchni u\u017cytkowej 190 mkw. Na parterze znajduje si\u0119:&#8211; salon z jadalni\u0105 i wyj\u015bciem na du\u017cy taras i ogr\u00f3d&#8211; otwarta na salon, jasna kuchnia&#8211; dwa pokoje [&hellip;]","og_url":"https:\/\/primere.pl\/pl\/property\/wynajete-dom-mokronos\/","og_site_name":"Primere","article_modified_time":"2020-07-28T13:45:02+00:00","og_image":[{"width":2560,"height":1920,"url":"https:\/\/primere.pl\/wp-content\/uploads\/2020\/07\/IMG_2282-scaled.jpeg","type":"image\/jpeg"}],"twitter_card":"summary_large_image","twitter_misc":{"Szacowany czas czytania":"1 minuta"},"schema":{"@context":"https:\/\/schema.org","@graph":[{"@type":"WebPage","@id":"https:\/\/primere.pl\/pl\/property\/wynajete-dom-mokronos\/","url":"https:\/\/primere.pl\/pl\/property\/wynajete-dom-mokronos\/","name":"#WYNAJ\u0118TE \/ DOM MOKRONOS - Primere","isPartOf":{"@id":"https:\/\/primere.pl\/pl\/#website"},"datePublished":"2020-07-28T13:44:21+00:00","dateModified":"2020-07-28T13:45:02+00:00","breadcrumb":{"@id":"https:\/\/primere.pl\/pl\/property\/wynajete-dom-mokronos\/#breadcrumb"},"inLanguage":"pl-PL","potentialAction":[{"@type":"ReadAction","target":["https:\/\/primere.pl\/pl\/property\/wynajete-dom-mokronos\/"]}]},{"@type":"BreadcrumbList","@id":"https:\/\/primere.pl\/pl\/property\/wynajete-dom-mokronos\/#breadcrumb","itemListElement":[{"@type":"ListItem","position":1,"name":"Strona g\u0142\u00f3wna","item":"https:\/\/primere.pl\/pl\/"},{"@type":"ListItem","position":2,"name":"Property","item":"https:\/\/primere.pl\/pl\/property\/"},{"@type":"ListItem","position":3,"name":"#WYNAJ\u0118TE \/ DOM MOKRONOS"}]},{"@type":"WebSite","@id":"https:\/\/primere.pl\/pl\/#website","url":"https:\/\/primere.pl\/pl\/","name":"Primere","description":"Real Estate Advisors","potentialAction":[{"@type":"SearchAction","target":{"@type":"EntryPoint","urlTemplate":"https:\/\/primere.pl\/pl\/?s={search_term_string}"},"query-input":"required name=search_term_string"}],"inLanguage":"pl-PL"}]}},"_links":{"self":[{"href":"https:\/\/primere.pl\/pl\/wp-json\/wp\/v2\/property\/1584"}],"collection":[{"href":"https:\/\/primere.pl\/pl\/wp-json\/wp\/v2\/property"}],"about":[{"href":"https:\/\/primere.pl\/pl\/wp-json\/wp\/v2\/types\/property"}],"author":[{"embeddable":true,"href":"https:\/\/primere.pl\/pl\/wp-json\/wp\/v2\/users\/2"}],"replies":[{"embeddable":true,"href":"https:\/\/primere.pl\/pl\/wp-json\/wp\/v2\/comments?post=1584"}],"version-history":[{"count":2,"href":"https:\/\/primere.pl\/pl\/wp-json\/wp\/v2\/property\/1584\/revisions"}],"predecessor-version":[{"id":1722,"href":"https:\/\/primere.pl\/pl\/wp-json\/wp\/v2\/property\/1584\/revisions\/1722"}],"wp:featuredmedia":[{"embeddable":true,"href":"https:\/\/primere.pl\/pl\/wp-json\/wp\/v2\/media\/1695"}],"wp:attachment":[{"href":"https:\/\/primere.pl\/pl\/wp-json\/wp\/v2\/media?parent=1584"}],"wp:term":[{"taxonomy":"property-category","embeddable":true,"href":"https:\/\/primere.pl\/pl\/wp-json\/wp\/v2\/property-category?post=1584"},{"taxonomy":"property_tag","embeddable":true,"href":"https:\/\/primere.pl\/pl\/wp-json\/wp\/v2\/property_tag?post=1584"}],"curies":[{"name":"wp","href":"https:\/\/api.w.org\/{rel}","templated":true}]}}

#WYNAJĘTE / DOM MOKRONOS

<p>Do wynajęcia przestronny, zadbany dom wolnostojący na dużej, zagospodarowanej działce, położony w Mokronosie Górnym, miejscowości oddalonej o ok. 3 km od południowych granic Wrocławia.<br>Dom dwukondygnacyjny o powierzchni całkowitej 240 mkw, powierzchni użytkowej 190 mkw.</p>



<p>Na parterze znajduje się:<br>&#8211; salon z jadalnią i wyjściem na duży taras i ogród<br>&#8211; otwarta na salon, jasna kuchnia<br>&#8211; dwa pokoje mogące pełnić funkcję gabinetu, pokoju gościnnego, sypialni<br>&#8211; łazienka z prysznicem<br>&#8211; pralnia<br>&#8211; garderoba<br>&#8211; garaż z dwoma miejscami postojowymi</p>



<p>Na piętrze zlokalizowano 3 sypialnie o powierzchni 20-30 mkw, w tym jedna główna z oddzielną łazienką, dodatkową łazienkę z wanną i prysznicem oraz garderobę.<br>Dom zadbany, odświeżony i funkcjonalny.<br>Częściowo umeblowany i wyposażony. Zgodnie z oczekiwaniami przyszłych najemców istnieje możliwość dodatkowego doposażenia.<br>Ogrzewanie gazowe, na parterze podłogowe. Dodatkowo w salonie znajduje się kominek.<br>W cenie obsługa ogrodnika 1 x 6 miesięcy (wiosna/jesień)<br>Miesięczny czynsz najmu: 6800 PLN<br>Dodatkowo płatne media według zużycia tj:<br>&#8211; gaz<br>&#8211; energia elektryczna<br>&#8211; woda<br>&#8211; wywóz ścieków<br>&#8211; śmieci<br>&#8211; tv+internet<br>Dużym atutem jest lokalizacja domu, około 300 m od stacji kolejki podmiejskiej, co znacznie ułatwia komunikację z centrum Wrocławia.<br>Mokronos Górny jest również dobrą lokalizacją dla osób, dla których istotna jest bliskość autostrady, AOW czy południowych i zachodnich dzielnic Wrocławia. Odległość od szkoły międzynarodowej to ok. 4 km. W okolicy znajdują się sklepy, przychodnia, przedszkole Montessori.<br>Gorąco polecamy ze względu na standard nieruchomości oraz lokalizację.<br>więcej informacji znajdziecie Państwo na naszej stronie www.primere.pl<br>W ofercie posiadamy wiele apartamentów i domów do wynajęcia</p>

<!-- This site is optimized with the Yoast SEO plugin v20.11 - https://yoast.com/wordpress/plugins/seo/ -->
<title>#WYNAJĘTE / DOM MOKRONOS - Primere</title>
<meta name="robots" content="index, follow, max-snippet:-1, max-image-preview:large, max-video-preview:-1" />
<link rel="canonical" href="https://primere.pl/pl/property/wynajete-dom-mokronos/" />
<meta property="og:locale" content="pl_PL" />
<meta property="og:type" content="article" />
<meta property="og:title" content="#WYNAJĘTE / DOM MOKRONOS - Primere" />
<meta property="og:description" content="Do wynajęcia przestronny, zadbany dom wolnostojący na dużej, zagospodarowanej działce, położony w Mokronosie Górnym, miejscowości oddalonej o ok. 3 km od południowych granic Wrocławia.Dom dwukondygnacyjny o powierzchni całkowitej 240 mkw, powierzchni użytkowej 190 mkw. Na parterze znajduje się:&#8211; salon z jadalnią i wyjściem na duży taras i ogród&#8211; otwarta na salon, jasna kuchnia&#8211; dwa pokoje [&hellip;]" />
<meta property="og:url" content="https://primere.pl/pl/property/wynajete-dom-mokronos/" />
<meta property="og:site_name" content="Primere" />
<meta property="article:modified_time" content="2020-07-28T13:45:02+00:00" />
<meta property="og:image" content="https://primere.pl/wp-content/uploads/2020/07/IMG_2282-scaled.jpeg" />
	<meta property="og:image:width" content="2560" />
	<meta property="og:image:height" content="1920" />
	<meta property="og:image:type" content="image/jpeg" />
<meta name="twitter:card" content="summary_large_image" />
<meta name="twitter:label1" content="Szacowany czas czytania" />
	<meta name="twitter:data1" content="1 minuta" />
<script type="application/ld+json" class="yoast-schema-graph">{"@context":"https://schema.org","@graph":[{"@type":"WebPage","@id":"https://primere.pl/pl/property/wynajete-dom-mokronos/","url":"https://primere.pl/pl/property/wynajete-dom-mokronos/","name":"#WYNAJĘTE / DOM MOKRONOS - Primere","isPartOf":{"@id":"https://primere.pl/pl/#website"},"datePublished":"2020-07-28T13:44:21+00:00","dateModified":"2020-07-28T13:45:02+00:00","breadcrumb":{"@id":"https://primere.pl/pl/property/wynajete-dom-mokronos/#breadcrumb"},"inLanguage":"pl-PL","potentialAction":[{"@type":"ReadAction","target":["https://primere.pl/pl/property/wynajete-dom-mokronos/"]}]},{"@type":"BreadcrumbList","@id":"https://primere.pl/pl/property/wynajete-dom-mokronos/#breadcrumb","itemListElement":[{"@type":"ListItem","position":1,"name":"Strona główna","item":"https://primere.pl/pl/"},{"@type":"ListItem","position":2,"name":"Property","item":"https://primere.pl/pl/property/"},{"@type":"ListItem","position":3,"name":"#WYNAJĘTE / DOM MOKRONOS"}]},{"@type":"WebSite","@id":"https://primere.pl/pl/#website","url":"https://primere.pl/pl/","name":"Primere","description":"Real Estate Advisors","potentialAction":[{"@type":"SearchAction","target":{"@type":"EntryPoint","urlTemplate":"https://primere.pl/pl/?s={search_term_string}"},"query-input":"required name=search_term_string"}],"inLanguage":"pl-PL"}]}</script>
<!-- / Yoast SEO plugin. -->

#WYNAJĘTE / DOM MOKRONOS - Primere

Do wynajęcia przestronny, zadbany dom wolnostojący na dużej, zagospodarowanej działce, położony w Mokronosie Górnym, miejscowości oddalonej o ok. 3 km od południowych granic Wrocławia.Dom dwukondygnacyjny o powierzchni całkowitej 240 mkw, powierzchni użytkowej 190 mkw. Na parterze znajduje się:&#8211; salon z jadalnią i wyjściem na duży taras i ogród&#8211; otwarta na salon, jasna kuchnia&#8211; dwa pokoje [&hellip;]

Strona główna
