{"id":1207,"date":"2020-05-13T23:45:42","date_gmt":"2020-05-13T21:45:42","guid":{"rendered":"https:\/\/primere.pl\/?post_type=property&#038;p=1207"},"modified":"2020-07-29T20:30:57","modified_gmt":"2020-07-29T18:30:57","slug":"thespian-z-tarasem","status":"publish","type":"property","link":"https:\/\/primere.pl\/pl\/property\/thespian-z-tarasem\/","title":{"rendered":"#WYNAJ\u0118TE\/THESPIAN Z TARASEM"},"content":{"rendered":"\n<p>Do wynaj\u0119cia apartament dwupokojowy z unikatowym tarasem na ostatnim pi\u0119trze apartamentowca Thespian, zlokalizowanego tu\u017c przy Rondzie Powsta\u0144c\u00f3w \u015al\u0105skich, na wroc\u0142awskich Krzykach.<br>Apartament wyko\u0144czony i wyposa\u017cony w standardzie hotelowym, sk\u0142adaj\u0105cy si\u0119 z salonu z aneksem kuchennym, sypialni oraz \u0142azienki. Do apartamentu przynale\u017cy miejsce postojowe w gara\u017cu podziemnym oraz kom\u00f3rka lokatorska.<br>Udogodnienia: klimatyzacja, videodomofon, ochrona 24 h<br>Apartament dost\u0119pny od 1 sierpnia 2020 roku.<br>W ofercie posiadamy wiele apartament\u00f3w do wynaj\u0119cia zar\u00f3wno na Starym Mie\u015bcie jak i innych lokalizacjach Wroc\u0142awia.<br>Czynsz najmu: 3500 PLN\/m-c + op\u0142aty (ok. 1000 PLN)<\/p>\n","protected":false},"author":2,"featured_media":1212,"comment_status":"open","ping_status":"closed","template":"","format":"standard","meta":[],"property-category":[9],"property_tag":[],"yoast_head":"<!-- This site is optimized with the Yoast SEO plugin v20.11 - https:\/\/yoast.com\/wordpress\/plugins\/seo\/ -->\n<title>#WYNAJ\u0118TE\/THESPIAN Z TARASEM - Primere<\/title>\n<meta name=\"robots\" content=\"index, follow, max-snippet:-1, max-image-preview:large, max-video-preview:-1\" \/>\n<link rel=\"canonical\" href=\"https:\/\/primere.pl\/pl\/property\/thespian-z-tarasem\/\" \/>\n<meta property=\"og:locale\" content=\"pl_PL\" \/>\n<meta property=\"og:type\" content=\"article\" \/>\n<meta property=\"og:title\" content=\"#WYNAJ\u0118TE\/THESPIAN Z TARASEM - Primere\" \/>\n<meta property=\"og:description\" content=\"Do wynaj\u0119cia apartament dwupokojowy z unikatowym tarasem na ostatnim pi\u0119trze apartamentowca Thespian, zlokalizowanego tu\u017c przy Rondzie Powsta\u0144c\u00f3w \u015al\u0105skich, na wroc\u0142awskich Krzykach.Apartament wyko\u0144czony i wyposa\u017cony w standardzie hotelowym, sk\u0142adaj\u0105cy si\u0119 z salonu z aneksem kuchennym, sypialni oraz \u0142azienki. Do apartamentu przynale\u017cy miejsce postojowe w gara\u017cu podziemnym oraz kom\u00f3rka lokatorska.Udogodnienia: klimatyzacja, videodomofon, ochrona 24 hApartament dost\u0119pny od [&hellip;]\" \/>\n<meta property=\"og:url\" content=\"https:\/\/primere.pl\/pl\/property\/thespian-z-tarasem\/\" \/>\n<meta property=\"og:site_name\" content=\"Primere\" \/>\n<meta property=\"article:modified_time\" content=\"2020-07-29T18:30:57+00:00\" \/>\n<meta property=\"og:image\" content=\"https:\/\/primere.pl\/wp-content\/uploads\/2020\/05\/apartamenty_thespian20.jpg\" \/>\n\t<meta property=\"og:image:width\" content=\"800\" \/>\n\t<meta property=\"og:image:height\" content=\"530\" \/>\n\t<meta property=\"og:image:type\" content=\"image\/jpeg\" \/>\n<meta name=\"twitter:card\" content=\"summary_large_image\" \/>\n<meta name=\"twitter:label1\" content=\"Szacowany czas czytania\" \/>\n\t<meta name=\"twitter:data1\" content=\"1 minuta\" \/>\n<script type=\"application\/ld+json\" class=\"yoast-schema-graph\">{\"@context\":\"https:\/\/schema.org\",\"@graph\":[{\"@type\":\"WebPage\",\"@id\":\"https:\/\/primere.pl\/pl\/property\/thespian-z-tarasem\/\",\"url\":\"https:\/\/primere.pl\/pl\/property\/thespian-z-tarasem\/\",\"name\":\"#WYNAJ\u0118TE\/THESPIAN Z TARASEM - Primere\",\"isPartOf\":{\"@id\":\"https:\/\/primere.pl\/pl\/#website\"},\"datePublished\":\"2020-05-13T21:45:42+00:00\",\"dateModified\":\"2020-07-29T18:30:57+00:00\",\"breadcrumb\":{\"@id\":\"https:\/\/primere.pl\/pl\/property\/thespian-z-tarasem\/#breadcrumb\"},\"inLanguage\":\"pl-PL\",\"potentialAction\":[{\"@type\":\"ReadAction\",\"target\":[\"https:\/\/primere.pl\/pl\/property\/thespian-z-tarasem\/\"]}]},{\"@type\":\"BreadcrumbList\",\"@id\":\"https:\/\/primere.pl\/pl\/property\/thespian-z-tarasem\/#breadcrumb\",\"itemListElement\":[{\"@type\":\"ListItem\",\"position\":1,\"name\":\"Strona g\u0142\u00f3wna\",\"item\":\"https:\/\/primere.pl\/pl\/\"},{\"@type\":\"ListItem\",\"position\":2,\"name\":\"Property\",\"item\":\"https:\/\/primere.pl\/pl\/property\/\"},{\"@type\":\"ListItem\",\"position\":3,\"name\":\"#WYNAJ\u0118TE\/THESPIAN Z TARASEM\"}]},{\"@type\":\"WebSite\",\"@id\":\"https:\/\/primere.pl\/pl\/#website\",\"url\":\"https:\/\/primere.pl\/pl\/\",\"name\":\"Primere\",\"description\":\"Real Estate Advisors\",\"potentialAction\":[{\"@type\":\"SearchAction\",\"target\":{\"@type\":\"EntryPoint\",\"urlTemplate\":\"https:\/\/primere.pl\/pl\/?s={search_term_string}\"},\"query-input\":\"required name=search_term_string\"}],\"inLanguage\":\"pl-PL\"}]}<\/script>\n<!-- \/ Yoast SEO plugin. -->","yoast_head_json":{"title":"#WYNAJ\u0118TE\/THESPIAN Z TARASEM - Primere","robots":{"index":"index","follow":"follow","max-snippet":"max-snippet:-1","max-image-preview":"max-image-preview:large","max-video-preview":"max-video-preview:-1"},"canonical":"https:\/\/primere.pl\/pl\/property\/thespian-z-tarasem\/","og_locale":"pl_PL","og_type":"article","og_title":"#WYNAJ\u0118TE\/THESPIAN Z TARASEM - Primere","og_description":"Do wynaj\u0119cia apartament dwupokojowy z unikatowym tarasem na ostatnim pi\u0119trze apartamentowca Thespian, zlokalizowanego tu\u017c przy Rondzie Powsta\u0144c\u00f3w \u015al\u0105skich, na wroc\u0142awskich Krzykach.Apartament wyko\u0144czony i wyposa\u017cony w standardzie hotelowym, sk\u0142adaj\u0105cy si\u0119 z salonu z aneksem kuchennym, sypialni oraz \u0142azienki. Do apartamentu przynale\u017cy miejsce postojowe w gara\u017cu podziemnym oraz kom\u00f3rka lokatorska.Udogodnienia: klimatyzacja, videodomofon, ochrona 24 hApartament dost\u0119pny od [&hellip;]","og_url":"https:\/\/primere.pl\/pl\/property\/thespian-z-tarasem\/","og_site_name":"Primere","article_modified_time":"2020-07-29T18:30:57+00:00","og_image":[{"width":800,"height":530,"url":"https:\/\/primere.pl\/wp-content\/uploads\/2020\/05\/apartamenty_thespian20.jpg","type":"image\/jpeg"}],"twitter_card":"summary_large_image","twitter_misc":{"Szacowany czas czytania":"1 minuta"},"schema":{"@context":"https:\/\/schema.org","@graph":[{"@type":"WebPage","@id":"https:\/\/primere.pl\/pl\/property\/thespian-z-tarasem\/","url":"https:\/\/primere.pl\/pl\/property\/thespian-z-tarasem\/","name":"#WYNAJ\u0118TE\/THESPIAN Z TARASEM - Primere","isPartOf":{"@id":"https:\/\/primere.pl\/pl\/#website"},"datePublished":"2020-05-13T21:45:42+00:00","dateModified":"2020-07-29T18:30:57+00:00","breadcrumb":{"@id":"https:\/\/primere.pl\/pl\/property\/thespian-z-tarasem\/#breadcrumb"},"inLanguage":"pl-PL","potentialAction":[{"@type":"ReadAction","target":["https:\/\/primere.pl\/pl\/property\/thespian-z-tarasem\/"]}]},{"@type":"BreadcrumbList","@id":"https:\/\/primere.pl\/pl\/property\/thespian-z-tarasem\/#breadcrumb","itemListElement":[{"@type":"ListItem","position":1,"name":"Strona g\u0142\u00f3wna","item":"https:\/\/primere.pl\/pl\/"},{"@type":"ListItem","position":2,"name":"Property","item":"https:\/\/primere.pl\/pl\/property\/"},{"@type":"ListItem","position":3,"name":"#WYNAJ\u0118TE\/THESPIAN Z TARASEM"}]},{"@type":"WebSite","@id":"https:\/\/primere.pl\/pl\/#website","url":"https:\/\/primere.pl\/pl\/","name":"Primere","description":"Real Estate Advisors","potentialAction":[{"@type":"SearchAction","target":{"@type":"EntryPoint","urlTemplate":"https:\/\/primere.pl\/pl\/?s={search_term_string}"},"query-input":"required name=search_term_string"}],"inLanguage":"pl-PL"}]}},"_links":{"self":[{"href":"https:\/\/primere.pl\/pl\/wp-json\/wp\/v2\/property\/1207"}],"collection":[{"href":"https:\/\/primere.pl\/pl\/wp-json\/wp\/v2\/property"}],"about":[{"href":"https:\/\/primere.pl\/pl\/wp-json\/wp\/v2\/types\/property"}],"author":[{"embeddable":true,"href":"https:\/\/primere.pl\/pl\/wp-json\/wp\/v2\/users\/2"}],"replies":[{"embeddable":true,"href":"https:\/\/primere.pl\/pl\/wp-json\/wp\/v2\/comments?post=1207"}],"version-history":[{"count":4,"href":"https:\/\/primere.pl\/pl\/wp-json\/wp\/v2\/property\/1207\/revisions"}],"predecessor-version":[{"id":1723,"href":"https:\/\/primere.pl\/pl\/wp-json\/wp\/v2\/property\/1207\/revisions\/1723"}],"wp:featuredmedia":[{"embeddable":true,"href":"https:\/\/primere.pl\/pl\/wp-json\/wp\/v2\/media\/1212"}],"wp:attachment":[{"href":"https:\/\/primere.pl\/pl\/wp-json\/wp\/v2\/media?parent=1207"}],"wp:term":[{"taxonomy":"property-category","embeddable":true,"href":"https:\/\/primere.pl\/pl\/wp-json\/wp\/v2\/property-category?post=1207"},{"taxonomy":"property_tag","embeddable":true,"href":"https:\/\/primere.pl\/pl\/wp-json\/wp\/v2\/property_tag?post=1207"}],"curies":[{"name":"wp","href":"https:\/\/api.w.org\/{rel}","templated":true}]}}

#WYNAJĘTE/THESPIAN Z TARASEM

<p>Do wynajęcia apartament dwupokojowy z unikatowym tarasem na ostatnim piętrze apartamentowca Thespian, zlokalizowanego tuż przy Rondzie Powstańców Śląskich, na wrocławskich Krzykach.<br>Apartament wykończony i wyposażony w standardzie hotelowym, składający się z salonu z aneksem kuchennym, sypialni oraz łazienki. Do apartamentu przynależy miejsce postojowe w garażu podziemnym oraz komórka lokatorska.<br>Udogodnienia: klimatyzacja, videodomofon, ochrona 24 h<br>Apartament dostępny od 1 sierpnia 2020 roku.<br>W ofercie posiadamy wiele apartamentów do wynajęcia zarówno na Starym Mieście jak i innych lokalizacjach Wrocławia.<br>Czynsz najmu: 3500 PLN/m-c + opłaty (ok. 1000 PLN)</p>

<!-- This site is optimized with the Yoast SEO plugin v20.11 - https://yoast.com/wordpress/plugins/seo/ -->
<title>#WYNAJĘTE/THESPIAN Z TARASEM - Primere</title>
<meta name="robots" content="index, follow, max-snippet:-1, max-image-preview:large, max-video-preview:-1" />
<link rel="canonical" href="https://primere.pl/pl/property/thespian-z-tarasem/" />
<meta property="og:locale" content="pl_PL" />
<meta property="og:type" content="article" />
<meta property="og:title" content="#WYNAJĘTE/THESPIAN Z TARASEM - Primere" />
<meta property="og:description" content="Do wynajęcia apartament dwupokojowy z unikatowym tarasem na ostatnim piętrze apartamentowca Thespian, zlokalizowanego tuż przy Rondzie Powstańców Śląskich, na wrocławskich Krzykach.Apartament wykończony i wyposażony w standardzie hotelowym, składający się z salonu z aneksem kuchennym, sypialni oraz łazienki. Do apartamentu przynależy miejsce postojowe w garażu podziemnym oraz komórka lokatorska.Udogodnienia: klimatyzacja, videodomofon, ochrona 24 hApartament dostępny od [&hellip;]" />
<meta property="og:url" content="https://primere.pl/pl/property/thespian-z-tarasem/" />
<meta property="og:site_name" content="Primere" />
<meta property="article:modified_time" content="2020-07-29T18:30:57+00:00" />
<meta property="og:image" content="https://primere.pl/wp-content/uploads/2020/05/apartamenty_thespian20.jpg" />
	<meta property="og:image:width" content="800" />
	<meta property="og:image:height" content="530" />
	<meta property="og:image:type" content="image/jpeg" />
<meta name="twitter:card" content="summary_large_image" />
<meta name="twitter:label1" content="Szacowany czas czytania" />
	<meta name="twitter:data1" content="1 minuta" />
<script type="application/ld+json" class="yoast-schema-graph">{"@context":"https://schema.org","@graph":[{"@type":"WebPage","@id":"https://primere.pl/pl/property/thespian-z-tarasem/","url":"https://primere.pl/pl/property/thespian-z-tarasem/","name":"#WYNAJĘTE/THESPIAN Z TARASEM - Primere","isPartOf":{"@id":"https://primere.pl/pl/#website"},"datePublished":"2020-05-13T21:45:42+00:00","dateModified":"2020-07-29T18:30:57+00:00","breadcrumb":{"@id":"https://primere.pl/pl/property/thespian-z-tarasem/#breadcrumb"},"inLanguage":"pl-PL","potentialAction":[{"@type":"ReadAction","target":["https://primere.pl/pl/property/thespian-z-tarasem/"]}]},{"@type":"BreadcrumbList","@id":"https://primere.pl/pl/property/thespian-z-tarasem/#breadcrumb","itemListElement":[{"@type":"ListItem","position":1,"name":"Strona główna","item":"https://primere.pl/pl/"},{"@type":"ListItem","position":2,"name":"Property","item":"https://primere.pl/pl/property/"},{"@type":"ListItem","position":3,"name":"#WYNAJĘTE/THESPIAN Z TARASEM"}]},{"@type":"WebSite","@id":"https://primere.pl/pl/#website","url":"https://primere.pl/pl/","name":"Primere","description":"Real Estate Advisors","potentialAction":[{"@type":"SearchAction","target":{"@type":"EntryPoint","urlTemplate":"https://primere.pl/pl/?s={search_term_string}"},"query-input":"required name=search_term_string"}],"inLanguage":"pl-PL"}]}</script>
<!-- / Yoast SEO plugin. -->

#WYNAJĘTE/THESPIAN Z TARASEM - Primere

Do wynajęcia apartament dwupokojowy z unikatowym tarasem na ostatnim piętrze apartamentowca Thespian, zlokalizowanego tuż przy Rondzie Powstańców Śląskich, na wrocławskich Krzykach.Apartament wykończony i wyposażony w standardzie hotelowym, składający się z salonu z aneksem kuchennym, sypialni oraz łazienki. Do apartamentu przynależy miejsce postojowe w garażu podziemnym oraz komórka lokatorska.Udogodnienia: klimatyzacja, videodomofon, ochrona 24 hApartament dostępny od [&hellip;]

Strona główna
