{"id":1128,"date":"2022-01-14T22:44:00","date_gmt":"2022-01-14T21:44:00","guid":{"rendered":"https:\/\/primere.pl\/?post_type=property&#038;p=1128"},"modified":"2022-08-05T13:25:35","modified_gmt":"2022-08-05T11:25:35","slug":"ovo-z-tarasem","status":"publish","type":"property","link":"https:\/\/primere.pl\/pl\/property\/ovo-z-tarasem\/","title":{"rendered":"WYNAJ\u0118TE_APARTAMENT OVO Z TARASEM"},"content":{"rendered":"\n<p>Do wynaj\u0119cia trzypokojowy apartament z du\u017cym tarasem w OVO, jednym z najbardziej presti\u017cowych wroc\u0142awskich budynk\u00f3w, zlokalizowanym w \u015bcis\u0142ym centrum miasta.<br>Apartament o powierzchni 66 mkw, sk\u0142adaj\u0105cy si\u0119 z dw\u00f3ch sypialni, dw\u00f3ch \u0142azienek, salonu z aneksem kuchennym i wyj\u015bciem na taras z widokiem na wewn\u0119trzne ciche patio.<br>W budynku znajduje si\u0119 basen, strefa SPA, fitness oraz kawiarnie i restauracje<br>Mieszkanie w pe\u0142ni wyposa\u017cone, w standardzie hotelowym.<br>Do apartamentu przynale\u017cy miejsce postojowe w gara\u017cu podziemnym.<br>Czynsz najmu: 5500 PLN\/m-c + op\u0142aty (ok 1000 PLN)<\/p>\n","protected":false},"author":2,"featured_media":1143,"comment_status":"open","ping_status":"closed","template":"","format":"standard","meta":[],"property-category":[9],"property_tag":[],"yoast_head":"<!-- This site is optimized with the Yoast SEO plugin v20.11 - https:\/\/yoast.com\/wordpress\/plugins\/seo\/ -->\n<title>WYNAJ\u0118TE_APARTAMENT OVO Z TARASEM - Primere<\/title>\n<meta name=\"robots\" content=\"index, follow, max-snippet:-1, max-image-preview:large, max-video-preview:-1\" \/>\n<link rel=\"canonical\" href=\"https:\/\/primere.pl\/pl\/property\/ovo-z-tarasem\/\" \/>\n<meta property=\"og:locale\" content=\"pl_PL\" \/>\n<meta property=\"og:type\" content=\"article\" \/>\n<meta property=\"og:title\" content=\"WYNAJ\u0118TE_APARTAMENT OVO Z TARASEM - Primere\" \/>\n<meta property=\"og:description\" content=\"Do wynaj\u0119cia trzypokojowy apartament z du\u017cym tarasem w OVO, jednym z najbardziej presti\u017cowych wroc\u0142awskich budynk\u00f3w, zlokalizowanym w \u015bcis\u0142ym centrum miasta.Apartament o powierzchni 66 mkw, sk\u0142adaj\u0105cy si\u0119 z dw\u00f3ch sypialni, dw\u00f3ch \u0142azienek, salonu z aneksem kuchennym i wyj\u015bciem na taras z widokiem na wewn\u0119trzne ciche patio.W budynku znajduje si\u0119 basen, strefa SPA, fitness oraz kawiarnie i [&hellip;]\" \/>\n<meta property=\"og:url\" content=\"https:\/\/primere.pl\/pl\/property\/ovo-z-tarasem\/\" \/>\n<meta property=\"og:site_name\" content=\"Primere\" \/>\n<meta property=\"article:modified_time\" content=\"2022-08-05T11:25:35+00:00\" \/>\n<meta property=\"og:image\" content=\"https:\/\/primere.pl\/wp-content\/uploads\/2020\/05\/IMG_1600.jpg\" \/>\n\t<meta property=\"og:image:width\" content=\"640\" \/>\n\t<meta property=\"og:image:height\" content=\"480\" \/>\n\t<meta property=\"og:image:type\" content=\"image\/jpeg\" \/>\n<meta name=\"twitter:card\" content=\"summary_large_image\" \/>\n<meta name=\"twitter:label1\" content=\"Szacowany czas czytania\" \/>\n\t<meta name=\"twitter:data1\" content=\"1 minuta\" \/>\n<script type=\"application\/ld+json\" class=\"yoast-schema-graph\">{\"@context\":\"https:\/\/schema.org\",\"@graph\":[{\"@type\":\"WebPage\",\"@id\":\"https:\/\/primere.pl\/pl\/property\/ovo-z-tarasem\/\",\"url\":\"https:\/\/primere.pl\/pl\/property\/ovo-z-tarasem\/\",\"name\":\"WYNAJ\u0118TE_APARTAMENT OVO Z TARASEM - Primere\",\"isPartOf\":{\"@id\":\"https:\/\/primere.pl\/pl\/#website\"},\"datePublished\":\"2022-01-14T21:44:00+00:00\",\"dateModified\":\"2022-08-05T11:25:35+00:00\",\"breadcrumb\":{\"@id\":\"https:\/\/primere.pl\/pl\/property\/ovo-z-tarasem\/#breadcrumb\"},\"inLanguage\":\"pl-PL\",\"potentialAction\":[{\"@type\":\"ReadAction\",\"target\":[\"https:\/\/primere.pl\/pl\/property\/ovo-z-tarasem\/\"]}]},{\"@type\":\"BreadcrumbList\",\"@id\":\"https:\/\/primere.pl\/pl\/property\/ovo-z-tarasem\/#breadcrumb\",\"itemListElement\":[{\"@type\":\"ListItem\",\"position\":1,\"name\":\"Strona g\u0142\u00f3wna\",\"item\":\"https:\/\/primere.pl\/pl\/\"},{\"@type\":\"ListItem\",\"position\":2,\"name\":\"Property\",\"item\":\"https:\/\/primere.pl\/pl\/property\/\"},{\"@type\":\"ListItem\",\"position\":3,\"name\":\"WYNAJ\u0118TE_APARTAMENT OVO Z TARASEM\"}]},{\"@type\":\"WebSite\",\"@id\":\"https:\/\/primere.pl\/pl\/#website\",\"url\":\"https:\/\/primere.pl\/pl\/\",\"name\":\"Primere\",\"description\":\"Real Estate Advisors\",\"potentialAction\":[{\"@type\":\"SearchAction\",\"target\":{\"@type\":\"EntryPoint\",\"urlTemplate\":\"https:\/\/primere.pl\/pl\/?s={search_term_string}\"},\"query-input\":\"required name=search_term_string\"}],\"inLanguage\":\"pl-PL\"}]}<\/script>\n<!-- \/ Yoast SEO plugin. -->","yoast_head_json":{"title":"WYNAJ\u0118TE_APARTAMENT OVO Z TARASEM - Primere","robots":{"index":"index","follow":"follow","max-snippet":"max-snippet:-1","max-image-preview":"max-image-preview:large","max-video-preview":"max-video-preview:-1"},"canonical":"https:\/\/primere.pl\/pl\/property\/ovo-z-tarasem\/","og_locale":"pl_PL","og_type":"article","og_title":"WYNAJ\u0118TE_APARTAMENT OVO Z TARASEM - Primere","og_description":"Do wynaj\u0119cia trzypokojowy apartament z du\u017cym tarasem w OVO, jednym z najbardziej presti\u017cowych wroc\u0142awskich budynk\u00f3w, zlokalizowanym w \u015bcis\u0142ym centrum miasta.Apartament o powierzchni 66 mkw, sk\u0142adaj\u0105cy si\u0119 z dw\u00f3ch sypialni, dw\u00f3ch \u0142azienek, salonu z aneksem kuchennym i wyj\u015bciem na taras z widokiem na wewn\u0119trzne ciche patio.W budynku znajduje si\u0119 basen, strefa SPA, fitness oraz kawiarnie i [&hellip;]","og_url":"https:\/\/primere.pl\/pl\/property\/ovo-z-tarasem\/","og_site_name":"Primere","article_modified_time":"2022-08-05T11:25:35+00:00","og_image":[{"width":640,"height":480,"url":"https:\/\/primere.pl\/wp-content\/uploads\/2020\/05\/IMG_1600.jpg","type":"image\/jpeg"}],"twitter_card":"summary_large_image","twitter_misc":{"Szacowany czas czytania":"1 minuta"},"schema":{"@context":"https:\/\/schema.org","@graph":[{"@type":"WebPage","@id":"https:\/\/primere.pl\/pl\/property\/ovo-z-tarasem\/","url":"https:\/\/primere.pl\/pl\/property\/ovo-z-tarasem\/","name":"WYNAJ\u0118TE_APARTAMENT OVO Z TARASEM - Primere","isPartOf":{"@id":"https:\/\/primere.pl\/pl\/#website"},"datePublished":"2022-01-14T21:44:00+00:00","dateModified":"2022-08-05T11:25:35+00:00","breadcrumb":{"@id":"https:\/\/primere.pl\/pl\/property\/ovo-z-tarasem\/#breadcrumb"},"inLanguage":"pl-PL","potentialAction":[{"@type":"ReadAction","target":["https:\/\/primere.pl\/pl\/property\/ovo-z-tarasem\/"]}]},{"@type":"BreadcrumbList","@id":"https:\/\/primere.pl\/pl\/property\/ovo-z-tarasem\/#breadcrumb","itemListElement":[{"@type":"ListItem","position":1,"name":"Strona g\u0142\u00f3wna","item":"https:\/\/primere.pl\/pl\/"},{"@type":"ListItem","position":2,"name":"Property","item":"https:\/\/primere.pl\/pl\/property\/"},{"@type":"ListItem","position":3,"name":"WYNAJ\u0118TE_APARTAMENT OVO Z TARASEM"}]},{"@type":"WebSite","@id":"https:\/\/primere.pl\/pl\/#website","url":"https:\/\/primere.pl\/pl\/","name":"Primere","description":"Real Estate Advisors","potentialAction":[{"@type":"SearchAction","target":{"@type":"EntryPoint","urlTemplate":"https:\/\/primere.pl\/pl\/?s={search_term_string}"},"query-input":"required name=search_term_string"}],"inLanguage":"pl-PL"}]}},"_links":{"self":[{"href":"https:\/\/primere.pl\/pl\/wp-json\/wp\/v2\/property\/1128"}],"collection":[{"href":"https:\/\/primere.pl\/pl\/wp-json\/wp\/v2\/property"}],"about":[{"href":"https:\/\/primere.pl\/pl\/wp-json\/wp\/v2\/types\/property"}],"author":[{"embeddable":true,"href":"https:\/\/primere.pl\/pl\/wp-json\/wp\/v2\/users\/2"}],"replies":[{"embeddable":true,"href":"https:\/\/primere.pl\/pl\/wp-json\/wp\/v2\/comments?post=1128"}],"version-history":[{"count":5,"href":"https:\/\/primere.pl\/pl\/wp-json\/wp\/v2\/property\/1128\/revisions"}],"predecessor-version":[{"id":3123,"href":"https:\/\/primere.pl\/pl\/wp-json\/wp\/v2\/property\/1128\/revisions\/3123"}],"wp:featuredmedia":[{"embeddable":true,"href":"https:\/\/primere.pl\/pl\/wp-json\/wp\/v2\/media\/1143"}],"wp:attachment":[{"href":"https:\/\/primere.pl\/pl\/wp-json\/wp\/v2\/media?parent=1128"}],"wp:term":[{"taxonomy":"property-category","embeddable":true,"href":"https:\/\/primere.pl\/pl\/wp-json\/wp\/v2\/property-category?post=1128"},{"taxonomy":"property_tag","embeddable":true,"href":"https:\/\/primere.pl\/pl\/wp-json\/wp\/v2\/property_tag?post=1128"}],"curies":[{"name":"wp","href":"https:\/\/api.w.org\/{rel}","templated":true}]}}

WYNAJĘTE_APARTAMENT OVO Z TARASEM

<p>Do wynajęcia trzypokojowy apartament z dużym tarasem w OVO, jednym z najbardziej prestiżowych wrocławskich budynków, zlokalizowanym w ścisłym centrum miasta.<br>Apartament o powierzchni 66 mkw, składający się z dwóch sypialni, dwóch łazienek, salonu z aneksem kuchennym i wyjściem na taras z widokiem na wewnętrzne ciche patio.<br>W budynku znajduje się basen, strefa SPA, fitness oraz kawiarnie i restauracje<br>Mieszkanie w pełni wyposażone, w standardzie hotelowym.<br>Do apartamentu przynależy miejsce postojowe w garażu podziemnym.<br>Czynsz najmu: 5500 PLN/m-c + opłaty (ok 1000 PLN)</p>

<!-- This site is optimized with the Yoast SEO plugin v20.11 - https://yoast.com/wordpress/plugins/seo/ -->
<title>WYNAJĘTE_APARTAMENT OVO Z TARASEM - Primere</title>
<meta name="robots" content="index, follow, max-snippet:-1, max-image-preview:large, max-video-preview:-1" />
<link rel="canonical" href="https://primere.pl/pl/property/ovo-z-tarasem/" />
<meta property="og:locale" content="pl_PL" />
<meta property="og:type" content="article" />
<meta property="og:title" content="WYNAJĘTE_APARTAMENT OVO Z TARASEM - Primere" />
<meta property="og:description" content="Do wynajęcia trzypokojowy apartament z dużym tarasem w OVO, jednym z najbardziej prestiżowych wrocławskich budynków, zlokalizowanym w ścisłym centrum miasta.Apartament o powierzchni 66 mkw, składający się z dwóch sypialni, dwóch łazienek, salonu z aneksem kuchennym i wyjściem na taras z widokiem na wewnętrzne ciche patio.W budynku znajduje się basen, strefa SPA, fitness oraz kawiarnie i [&hellip;]" />
<meta property="og:url" content="https://primere.pl/pl/property/ovo-z-tarasem/" />
<meta property="og:site_name" content="Primere" />
<meta property="article:modified_time" content="2022-08-05T11:25:35+00:00" />
<meta property="og:image" content="https://primere.pl/wp-content/uploads/2020/05/IMG_1600.jpg" />
	<meta property="og:image:width" content="640" />
	<meta property="og:image:height" content="480" />
	<meta property="og:image:type" content="image/jpeg" />
<meta name="twitter:card" content="summary_large_image" />
<meta name="twitter:label1" content="Szacowany czas czytania" />
	<meta name="twitter:data1" content="1 minuta" />
<script type="application/ld+json" class="yoast-schema-graph">{"@context":"https://schema.org","@graph":[{"@type":"WebPage","@id":"https://primere.pl/pl/property/ovo-z-tarasem/","url":"https://primere.pl/pl/property/ovo-z-tarasem/","name":"WYNAJĘTE_APARTAMENT OVO Z TARASEM - Primere","isPartOf":{"@id":"https://primere.pl/pl/#website"},"datePublished":"2022-01-14T21:44:00+00:00","dateModified":"2022-08-05T11:25:35+00:00","breadcrumb":{"@id":"https://primere.pl/pl/property/ovo-z-tarasem/#breadcrumb"},"inLanguage":"pl-PL","potentialAction":[{"@type":"ReadAction","target":["https://primere.pl/pl/property/ovo-z-tarasem/"]}]},{"@type":"BreadcrumbList","@id":"https://primere.pl/pl/property/ovo-z-tarasem/#breadcrumb","itemListElement":[{"@type":"ListItem","position":1,"name":"Strona główna","item":"https://primere.pl/pl/"},{"@type":"ListItem","position":2,"name":"Property","item":"https://primere.pl/pl/property/"},{"@type":"ListItem","position":3,"name":"WYNAJĘTE_APARTAMENT OVO Z TARASEM"}]},{"@type":"WebSite","@id":"https://primere.pl/pl/#website","url":"https://primere.pl/pl/","name":"Primere","description":"Real Estate Advisors","potentialAction":[{"@type":"SearchAction","target":{"@type":"EntryPoint","urlTemplate":"https://primere.pl/pl/?s={search_term_string}"},"query-input":"required name=search_term_string"}],"inLanguage":"pl-PL"}]}</script>
<!-- / Yoast SEO plugin. -->

WYNAJĘTE_APARTAMENT OVO Z TARASEM - Primere

Do wynajęcia trzypokojowy apartament z dużym tarasem w OVO, jednym z najbardziej prestiżowych wrocławskich budynków, zlokalizowanym w ścisłym centrum miasta.Apartament o powierzchni 66 mkw, składający się z dwóch sypialni, dwóch łazienek, salonu z aneksem kuchennym i wyjściem na taras z widokiem na wewnętrzne ciche patio.W budynku znajduje się basen, strefa SPA, fitness oraz kawiarnie i [&hellip;]

Strona główna
